CRAN Package Check Results for Package ggQC

Last updated on 2021-09-28 06:48:24 CEST.

Flavor Version Tinstall Tcheck Ttotal Status Flags
r-devel-linux-x86_64-debian-clang 0.0.31 8.20 81.00 89.20 NOTE
r-devel-linux-x86_64-debian-gcc 0.0.31 6.81 59.07 65.88 NOTE
r-devel-linux-x86_64-fedora-clang 0.0.31 112.93 NOTE
r-devel-linux-x86_64-fedora-gcc 0.0.31 101.27 NOTE
r-devel-windows-x86_64 0.0.31 10.00 87.00 97.00 NOTE
r-devel-windows-x86_64-gcc10-UCRT 0.0.31 NOTE
r-patched-linux-x86_64 0.0.31 12.68 77.66 90.34 NOTE
r-patched-solaris-x86 0.0.31 136.20 NOTE
r-release-linux-x86_64 0.0.31 5.83 77.59 83.42 NOTE
r-release-macos-arm64 0.0.31 NOTE
r-release-macos-x86_64 0.0.31 NOTE
r-release-windows-ix86+x86_64 0.0.31 15.00 79.00 94.00 NOTE
r-oldrel-macos-x86_64 0.0.31 OK
r-oldrel-windows-ix86+x86_64 0.0.31 14.00 84.00 98.00 OK

Check Details

Version: 0.0.31
Check: LazyData
Result: NOTE
     'LazyData' is specified without a 'data' directory
Flavors: r-devel-linux-x86_64-debian-clang, r-devel-linux-x86_64-debian-gcc, r-devel-linux-x86_64-fedora-clang, r-devel-linux-x86_64-fedora-gcc, r-devel-windows-x86_64, r-devel-windows-x86_64-gcc10-UCRT, r-patched-linux-x86_64, r-patched-solaris-x86, r-release-linux-x86_64, r-release-macos-arm64, r-release-macos-x86_64, r-release-windows-ix86+x86_64