CRAN Package Check Results for Package gghighlight

Last updated on 2021-09-20 07:50:35 CEST.

Flavor Version Tinstall Tcheck Ttotal Status Flags
r-devel-linux-x86_64-debian-clang 0.3.2 5.82 80.77 86.59 OK
r-devel-linux-x86_64-debian-gcc 0.3.2 4.21 59.99 64.20 OK
r-devel-linux-x86_64-fedora-clang 0.3.2 109.57 OK
r-devel-linux-x86_64-fedora-gcc 0.3.2 95.39 OK
r-devel-windows-x86_64 0.3.2 9.00 83.00 92.00 OK
r-devel-windows-x86_64-gcc10-UCRT 0.3.2 ERROR
r-patched-linux-x86_64 0.3.2 6.23 76.09 82.32 OK
r-patched-solaris-x86 0.3.2 142.20 OK
r-release-linux-x86_64 0.3.2 3.96 74.60 78.56 OK
r-release-macos-arm64 0.3.2 OK
r-release-macos-x86_64 0.3.2 OK
r-release-windows-ix86+x86_64 0.3.2 13.00 71.00 84.00 OK
r-oldrel-macos-x86_64 0.3.2 OK
r-oldrel-windows-ix86+x86_64 0.3.2 15.00 86.00 101.00 OK

Check Details

Version: 0.3.2
Check: whether package can be installed
Result: WARN
    Found the following significant warnings:
     WARNING: installation-time patches will not be applied, could not get the patches index
Flavor: r-devel-windows-x86_64-gcc10-UCRT

Version: 0.3.2
Check: PDF version of manual
Result: WARN
    LaTeX errors when creating PDF version.
    This typically indicates Rd problems.
Flavor: r-devel-windows-x86_64-gcc10-UCRT

Version: 0.3.2
Check: PDF version of manual without hyperrefs or index
Result: ERROR
    Re-running with no redirection of stdout/stderr.
Flavor: r-devel-windows-x86_64-gcc10-UCRT