CRAN Package Check Results for Package ggimage

Last updated on 2021-10-22 12:59:14 CEST.

Flavor Version Tinstall Tcheck Ttotal Status Flags
r-devel-linux-x86_64-debian-clang 0.3.0 5.81 54.60 60.41 OK
r-devel-linux-x86_64-debian-gcc 0.3.0 4.83 40.31 45.14 OK
r-devel-linux-x86_64-fedora-clang 0.3.0 84.77 OK
r-devel-linux-x86_64-fedora-gcc 0.3.0 68.14 OK
r-devel-windows-x86_64 0.3.0 14.00 74.00 88.00 OK
r-devel-windows-x86_64-gcc10-UCRT 0.3.0 OK
r-patched-linux-x86_64 0.3.0 5.05 50.67 55.72 OK
r-patched-solaris-x86 0.3.0 113.50 NOTE
r-release-linux-x86_64 0.3.0 5.58 49.89 55.47 OK
r-release-macos-arm64 0.3.0 OK
r-release-macos-x86_64 0.3.0 NOTE
r-release-windows-ix86+x86_64 0.3.0 17.00 73.00 90.00 OK
r-oldrel-macos-x86_64 0.3.0 NOTE
r-oldrel-windows-ix86+x86_64 0.3.0 16.00 77.00 93.00 OK

Check Details

Version: 0.3.0
Check: package dependencies
Result: NOTE
    Package suggested but not available for checking: ‘rsvg’
Flavor: r-patched-solaris-x86

Version: 0.3.0
Check: package dependencies
Result: NOTE
    Package suggested but not available for checking: ‘ggtree’
Flavors: r-release-macos-x86_64, r-oldrel-macos-x86_64