CRAN Package Check Results for Package gglm

Last updated on 2021-09-24 06:48:28 CEST.

Flavor Version Tinstall Tcheck Ttotal Status Flags
r-devel-linux-x86_64-debian-clang 0.1.0 2.09 29.87 31.96 NOTE
r-devel-linux-x86_64-debian-gcc 0.1.0 1.73 23.24 24.97 NOTE
r-devel-linux-x86_64-fedora-clang 0.1.0 46.95 NOTE
r-devel-linux-x86_64-fedora-gcc 0.1.0 36.16 NOTE
r-devel-windows-x86_64 0.1.0 3.00 36.00 39.00 NOTE
r-devel-windows-x86_64-gcc10-UCRT 0.1.0 NOTE
r-patched-linux-x86_64 0.1.0 2.12 28.39 30.51 NOTE
r-patched-solaris-x86 0.1.0 55.00 NOTE
r-release-linux-x86_64 0.1.0 2.06 28.48 30.54 NOTE
r-release-macos-arm64 0.1.0 NOTE
r-release-macos-x86_64 0.1.0 NOTE
r-release-windows-ix86+x86_64 0.1.0 6.00 34.00 40.00 NOTE
r-oldrel-macos-x86_64 0.1.0 OK
r-oldrel-windows-ix86+x86_64 0.1.0 4.00 35.00 39.00 OK

Check Details

Version: 0.1.0
Check: LazyData
Result: NOTE
     'LazyData' is specified without a 'data' directory
Flavors: r-devel-linux-x86_64-debian-clang, r-devel-linux-x86_64-debian-gcc, r-devel-linux-x86_64-fedora-clang, r-devel-linux-x86_64-fedora-gcc, r-devel-windows-x86_64, r-devel-windows-x86_64-gcc10-UCRT, r-patched-linux-x86_64, r-patched-solaris-x86, r-release-linux-x86_64, r-release-macos-arm64, r-release-macos-x86_64, r-release-windows-ix86+x86_64