CRAN Package Check Results for Package ggmix

Last updated on 2021-09-21 06:48:24 CEST.

Flavor Version Tinstall Tcheck Ttotal Status Flags
r-devel-linux-x86_64-debian-clang 0.0.2 4.25 113.59 117.84 OK
r-devel-linux-x86_64-debian-gcc 0.0.2 3.28 85.36 88.64 OK
r-devel-linux-x86_64-fedora-clang 0.0.2 144.06 OK
r-devel-linux-x86_64-fedora-gcc 0.0.2 134.19 OK
r-devel-windows-x86_64 0.0.2 6.00 101.00 107.00 OK
r-devel-windows-x86_64-gcc10-UCRT 0.0.2 ERROR
r-patched-linux-x86_64 0.0.2 5.22 114.39 119.61 OK
r-patched-solaris-x86 0.0.2 199.50 OK
r-release-linux-x86_64 0.0.2 4.59 115.46 120.05 OK
r-release-macos-arm64 0.0.2 OK
r-release-macos-x86_64 0.0.2 OK
r-release-windows-ix86+x86_64 0.0.2 8.00 116.00 124.00 OK
r-oldrel-macos-x86_64 0.0.2 OK
r-oldrel-windows-ix86+x86_64 0.0.2 8.00 128.00 136.00 OK

Check Details

Version: 0.0.2
Check: whether package can be installed
Result: WARN
    Found the following significant warnings:
     WARNING: installation-time patches will not be applied, could not get the patches index
Flavor: r-devel-windows-x86_64-gcc10-UCRT

Version: 0.0.2
Check: tests
Result: ERROR
     Running 'testthat.R'
    Running the tests in 'tests/testthat.R' failed.
    Complete output:
     > library(testthat)
     > library(ggmix)
     >
     > test_check("ggmix")
     ══ Skipped tests ═══════════════════════════════════════════════════════════════
     • On CRAN (10)
    
     ══ Failed tests ════════════════════════════════════════════════════════════════
     ── Error (test-KKT.R:5:1): (code run outside of `test_that()`) ─────────────────
     Error: 'wmic' not found
     Backtrace:
     █
     1. └─ggmix::gen_structured_model(...) test-KKT.R:5:0
     2. └─popkin::popkin(Xkinship, subpops = subpops, loci_on_cols = TRUE)
     3. └─popkin::popkin_A(...)
     4. └─popkin:::solve_m_mem_lim(...)
     5. └─popkin:::get_mem_lim(factor = mem_factor)
     6. └─base::system("wmic OS get FreePhysicalMemory /Value", intern = TRUE)
    
     [ FAIL 1 | WARN 0 | SKIP 10 | PASS 0 ]
     Error: Test failures
     Execution halted
Flavor: r-devel-windows-x86_64-gcc10-UCRT

Version: 0.0.2
Check: PDF version of manual
Result: WARN
    LaTeX errors when creating PDF version.
    This typically indicates Rd problems.
Flavor: r-devel-windows-x86_64-gcc10-UCRT

Version: 0.0.2
Check: PDF version of manual without hyperrefs or index
Result: ERROR
    Re-running with no redirection of stdout/stderr.
Flavor: r-devel-windows-x86_64-gcc10-UCRT