CRAN Package Check Results for Package ggwordcloud

Last updated on 2021-09-23 07:49:38 CEST.

Flavor Version Tinstall Tcheck Ttotal Status Flags
r-devel-linux-x86_64-debian-clang 0.5.0 25.11 208.18 233.29 OK
r-devel-linux-x86_64-debian-gcc 0.5.0 16.41 158.25 174.66 OK
r-devel-linux-x86_64-fedora-clang 0.5.0 273.44 NOTE
r-devel-linux-x86_64-fedora-gcc 0.5.0 256.09 NOTE
r-devel-windows-x86_64 0.5.0 22.00 153.00 175.00 OK
r-devel-windows-x86_64-gcc10-UCRT 0.5.0 ERROR
r-patched-linux-x86_64 0.5.0 18.92 198.36 217.28 OK
r-patched-solaris-x86 0.5.0 271.00 NOTE
r-release-linux-x86_64 0.5.0 20.39 197.45 217.84 OK
r-release-macos-arm64 0.5.0 NOTE
r-release-macos-x86_64 0.5.0 NOTE
r-release-windows-ix86+x86_64 0.5.0 56.00 184.00 240.00 OK
r-oldrel-macos-x86_64 0.5.0 NOTE
r-oldrel-windows-ix86+x86_64 0.5.0 41.00 191.00 232.00 OK

Check Details

Version: 0.5.0
Check: data for non-ASCII characters
Result: NOTE
     Note: found 203 marked UTF-8 strings
Flavors: r-devel-linux-x86_64-fedora-clang, r-devel-linux-x86_64-fedora-gcc, r-patched-solaris-x86, r-release-macos-arm64, r-release-macos-x86_64, r-oldrel-macos-x86_64

Version: 0.5.0
Check: package dependencies
Result: ERROR
    Package required but not available: 'png'
    
    See section 'The DESCRIPTION file' in the 'Writing R Extensions'
    manual.
Flavor: r-devel-windows-x86_64-gcc10-UCRT