CRAN Package Check Results for Package gifti

Last updated on 2021-10-16 06:48:11 CEST.

Flavor Version Tinstall Tcheck Ttotal Status Flags
r-devel-linux-x86_64-debian-clang 0.8.0 2.97 56.67 59.64 NOTE
r-devel-linux-x86_64-debian-gcc 0.8.0 2.23 45.92 48.15 NOTE
r-devel-linux-x86_64-fedora-clang 0.8.0 82.26 NOTE
r-devel-linux-x86_64-fedora-gcc 0.8.0 70.71 NOTE
r-devel-windows-x86_64 0.8.0 5.00 156.00 161.00 NOTE
r-devel-windows-x86_64-gcc10-UCRT 0.8.0 NOTE
r-patched-linux-x86_64 0.8.0 3.07 56.09 59.16 NOTE
r-patched-solaris-x86 0.8.0 96.20 NOTE
r-release-linux-x86_64 0.8.0 2.77 57.01 59.78 NOTE
r-release-macos-arm64 0.8.0 NOTE
r-release-macos-x86_64 0.8.0 NOTE
r-release-windows-ix86+x86_64 0.8.0 6.00 172.00 178.00 NOTE
r-oldrel-macos-x86_64 0.8.0 OK
r-oldrel-windows-ix86+x86_64 0.8.0 7.00 174.00 181.00 OK

Check Details

Version: 0.8.0
Check: LazyData
Result: NOTE
     'LazyData' is specified without a 'data' directory
Flavors: r-devel-linux-x86_64-debian-clang, r-devel-linux-x86_64-debian-gcc, r-devel-linux-x86_64-fedora-clang, r-devel-linux-x86_64-fedora-gcc, r-devel-windows-x86_64, r-devel-windows-x86_64-gcc10-UCRT, r-patched-linux-x86_64, r-patched-solaris-x86, r-release-linux-x86_64, r-release-macos-arm64, r-release-macos-x86_64, r-release-windows-ix86+x86_64