CRAN Package Check Results for Package git2r

Last updated on 2021-09-27 06:48:24 CEST.

Flavor Version Tinstall Tcheck Ttotal Status Flags
r-devel-linux-x86_64-debian-clang 0.28.0 18.16 62.85 81.01 WARN
r-devel-linux-x86_64-debian-gcc 0.28.0 12.09 49.11 61.20 WARN
r-devel-linux-x86_64-fedora-clang 0.28.0 108.48 NOTE
r-devel-linux-x86_64-fedora-gcc 0.28.0 95.87 NOTE
r-devel-windows-x86_64 0.28.0 31.00 91.00 122.00 NOTE
r-devel-windows-x86_64-gcc10-UCRT 0.28.0 NOTE
r-patched-linux-x86_64 0.28.0 15.51 60.97 76.48 WARN
r-patched-solaris-x86 0.28.0 299.90 NOTE
r-release-linux-x86_64 0.28.0 14.98 62.12 77.10 WARN
r-release-macos-arm64 0.28.0 WARN
r-release-macos-x86_64 0.28.0 NOTE
r-release-windows-ix86+x86_64 0.28.0 65.00 144.00 209.00 NOTE
r-oldrel-macos-x86_64 0.28.0 OK
r-oldrel-windows-ix86+x86_64 0.28.0 67.00 143.00 210.00 NOTE

Check Details

Version: 0.28.0
Check: top-level files
Result: WARN
     Output from running autoreconf:
     configure.ac: error: required file 'config.rpath' not found
Flavors: r-devel-linux-x86_64-debian-clang, r-devel-linux-x86_64-debian-gcc, r-patched-linux-x86_64, r-release-linux-x86_64

Version: 0.28.0
Check: LazyData
Result: NOTE
     'LazyData' is specified without a 'data' directory
Flavors: r-devel-linux-x86_64-debian-clang, r-devel-linux-x86_64-debian-gcc, r-devel-linux-x86_64-fedora-clang, r-devel-linux-x86_64-fedora-gcc, r-devel-windows-x86_64, r-devel-windows-x86_64-gcc10-UCRT, r-patched-linux-x86_64, r-patched-solaris-x86, r-release-linux-x86_64, r-release-macos-arm64, r-release-macos-x86_64, r-release-windows-ix86+x86_64

Version: 0.28.0
Check: whether package can be installed
Result: WARN
    Found the following significant warnings:
     libgit2/src/streams/stransport.c:63:8: warning: 'SSLHandshake' is deprecated: first deprecated in macOS 10.15 - No longer supported. Use Network.framework. [-Wdeprecated-declarations]
     libgit2/src/streams/stransport.c:69:13: warning: 'SSLCopyPeerTrust' is deprecated: first deprecated in macOS 10.15 - No longer supported. Use Network.framework. [-Wdeprecated-declarations]
     libgit2/src/streams/stransport.c:75:13: warning: 'SecTrustEvaluate' is deprecated: first deprecated in macOS 10.15 [-Wdeprecated-declarations]
     libgit2/src/streams/stransport.c:107:13: warning: 'SSLCopyPeerTrust' is deprecated: first deprecated in macOS 10.15 - No longer supported. Use Network.framework. [-Wdeprecated-declarations]
     libgit2/src/streams/stransport.c:167:13: warning: 'SSLWrite' is deprecated: first deprecated in macOS 10.15 - No longer supported. Use Network.framework. [-Wdeprecated-declarations]
     libgit2/src/streams/stransport.c:214:13: warning: 'SSLRead' is deprecated: first deprecated in macOS 10.15 - No longer supported. Use Network.framework. [-Wdeprecated-declarations]
     libgit2/src/streams/stransport.c:225:8: warning: 'SSLClose' is deprecated: first deprecated in macOS 10.15 - No longer supported. Use Network.framework. [-Wdeprecated-declarations]
     libgit2/src/streams/stransport.c:262:12: warning: 'SSLCreateContext' is deprecated: first deprecated in macOS 10.15 - No longer supported. Use Network.framework. [-Wdeprecated-declarations]
     libgit2/src/streams/stransport.c:262:35: warning: 'kSSLClientSide' is deprecated: first deprecated in macOS 10.15 [-Wdeprecated-declarations]
     libgit2/src/streams/stransport.c:262:51: warning: 'kSSLStreamType' is deprecated: first deprecated in macOS 10.15 [-Wdeprecated-declarations]
     libgit2/src/streams/stransport.c:269:13: warning: 'SSLSetIOFuncs' is deprecated: first deprecated in macOS 10.15 - No longer supported. Use Network.framework. [-Wdeprecated-declarations]
     libgit2/src/streams/stransport.c:270:13: warning: 'SSLSetConnection' is deprecated: first deprecated in macOS 10.15 - No longer supported. Use Network.framework. [-Wdeprecated-declarations]
     libgit2/src/streams/stransport.c:271:13: warning: 'SSLSetSessionOption' is deprecated: first deprecated in macOS 10.15 - No longer supported. Use Network.framework. [-Wdeprecated-declarations]
     libgit2/src/streams/stransport.c:271:42: warning: 'kSSLSessionOptionBreakOnServerAuth' is deprecated: first deprecated in macOS 10.15 [-Wdeprecated-declarations]
     libgit2/src/streams/stransport.c:272:13: warning: 'SSLSetProtocolVersionMin' is deprecated: first deprecated in macOS 10.15 - No longer supported. Use Network.framework. [-Wdeprecated-declarations]
     libgit2/src/streams/stransport.c:272:47: warning: 'kTLSProtocol1' is deprecated: first deprecated in macOS 10.15 [-Wdeprecated-declarations]
     libgit2/src/streams/stransport.c:273:13: warning: 'SSLSetProtocolVersionMax' is deprecated: first deprecated in macOS 10.15 - No longer supported. Use Network.framework. [-Wdeprecated-declarations]
     libgit2/src/streams/stransport.c:273:47: warning: 'kTLSProtocol12' is deprecated: first deprecated in macOS 10.15 [-Wdeprecated-declarations]
     libgit2/src/streams/stransport.c:274:13: warning: 'SSLSetPeerDomainName' is deprecated: first deprecated in macOS 10.15 - No longer supported. Use Network.framework. [-Wdeprecated-declarations]
Flavor: r-release-macos-arm64

Version: 0.28.0
Check: installed package size
Result: NOTE
     installed size is 5.6Mb
     sub-directories of 1Mb or more:
     libs 5.1Mb
Flavors: r-release-macos-arm64, r-release-windows-ix86+x86_64, r-oldrel-windows-ix86+x86_64