CRAN Package Check Results for Package githubinstall

Last updated on 2021-11-27 09:52:29 CET.

Flavor Version Tinstall Tcheck Ttotal Status Flags
r-devel-linux-x86_64-debian-clang 0.2.2 OK
r-devel-linux-x86_64-debian-gcc 0.2.2 3.99 50.19 54.18 OK
r-devel-linux-x86_64-fedora-clang 0.2.2 103.37 NOTE
r-devel-linux-x86_64-fedora-gcc 0.2.2 87.52 NOTE
r-devel-windows-x86_64-new-UL 0.2.2 15.00 112.00 127.00 OK
r-devel-windows-x86_64-new-TK 0.2.2 NOTE
r-devel-windows-x86_64-old 0.2.2 10.00 93.00 103.00 OK
r-patched-linux-x86_64 0.2.2 13.91 63.52 77.43 OK
r-patched-solaris-x86 0.2.2 118.30 NOTE
r-release-linux-x86_64 0.2.2 OK
r-release-macos-arm64 0.2.2 NOTE
r-release-macos-x86_64 0.2.2 NOTE
r-release-windows-ix86+x86_64 0.2.2 16.00 65.00 81.00 OK
r-oldrel-macos-x86_64 0.2.2 NOTE
r-oldrel-windows-ix86+x86_64 0.2.2 15.00 88.00 103.00 OK

Check Details

Version: 0.2.2
Check: dependencies in R code
Result: NOTE
    Namespace in Imports field not imported from: ‘mockery’
     All declared Imports should be used.
Flavors: r-devel-linux-x86_64-fedora-clang, r-devel-linux-x86_64-fedora-gcc, r-devel-windows-x86_64-new-TK, r-patched-solaris-x86, r-release-macos-arm64, r-release-macos-x86_64, r-oldrel-macos-x86_64