CRAN Package Check Results for Package glba

Last updated on 2021-10-22 12:59:15 CEST.

Flavor Version Tinstall Tcheck Ttotal Status Flags
r-devel-linux-x86_64-debian-clang 0.2 2.51 27.88 30.39 NOTE
r-devel-linux-x86_64-debian-gcc 0.2 1.63 21.25 22.88 NOTE
r-devel-linux-x86_64-fedora-clang 0.2 47.17 NOTE
r-devel-linux-x86_64-fedora-gcc 0.2 36.83 NOTE
r-devel-windows-x86_64 0.2 4.00 45.00 49.00 NOTE
r-devel-windows-x86_64-gcc10-UCRT 0.2 NOTE
r-patched-linux-x86_64 0.2 2.51 26.94 29.45 NOTE
r-patched-solaris-x86 0.2 56.00 NOTE
r-release-linux-x86_64 0.2 2.37 26.69 29.06 NOTE
r-release-macos-arm64 0.2 NOTE
r-release-macos-x86_64 0.2 NOTE
r-release-windows-ix86+x86_64 0.2 5.00 34.00 39.00 NOTE
r-oldrel-macos-x86_64 0.2 NOTE
r-oldrel-windows-ix86+x86_64 0.2 3.00 34.00 37.00 NOTE

Check Details

Version: 0.2
Check: R code for possible problems
Result: NOTE
    fptcdf: no visible global function definition for 'dnorm'
    fptcdf: no visible global function definition for 'pnorm'
    fptpdf: no visible global function definition for 'pnorm'
    fptpdf: no visible global function definition for 'dnorm'
    lba: no visible global function definition for 'as.formula'
    lba: no visible global function definition for 'model.frame'
    lba : logl: no visible global function definition for 'head'
    lba: no visible global function definition for 'optim'
    pmod: no visible global function definition for 'model.frame'
    pmod: no visible global function definition for 'model.matrix'
    rlba: no visible global function definition for 'pnorm'
    rlba: no visible global function definition for 'rnorm'
    rlba: no visible global function definition for 'runif'
    tablba: no visible global function definition for 'pnorm'
    Undefined global functions or variables:
     as.formula dnorm head model.frame model.matrix optim pnorm rnorm
     runif
    Consider adding
     importFrom("stats", "as.formula", "dnorm", "model.frame",
     "model.matrix", "optim", "pnorm", "rnorm", "runif")
     importFrom("utils", "head")
    to your NAMESPACE file.
Flavors: r-devel-linux-x86_64-debian-clang, r-devel-linux-x86_64-debian-gcc, r-devel-linux-x86_64-fedora-clang, r-devel-linux-x86_64-fedora-gcc, r-devel-windows-x86_64, r-devel-windows-x86_64-gcc10-UCRT, r-patched-linux-x86_64, r-patched-solaris-x86, r-release-linux-x86_64, r-release-macos-arm64, r-release-macos-x86_64, r-release-windows-ix86+x86_64, r-oldrel-macos-x86_64, r-oldrel-windows-ix86+x86_64