CRAN Package Check Results for Package glmmsr

Last updated on 2021-09-21 06:48:25 CEST.

Flavor Version Tinstall Tcheck Ttotal Status Flags
r-devel-linux-x86_64-debian-clang 0.2.3 437.08 110.81 547.89 OK --no-vignettes
r-devel-linux-x86_64-debian-gcc 0.2.3 284.89 89.22 374.11 OK --no-vignettes
r-devel-linux-x86_64-fedora-clang 0.2.3 1306.14 NOTE
r-devel-linux-x86_64-fedora-gcc 0.2.3 1261.54 OK
r-devel-windows-x86_64 0.2.3 386.00 129.00 515.00 OK --no-vignettes
r-devel-windows-x86_64-gcc10-UCRT 0.2.3 ERROR --no-vignettes
r-patched-linux-x86_64 0.2.3 345.71 111.68 457.39 OK --no-vignettes
r-patched-solaris-x86 0.2.3 1622.20 OK
r-release-linux-x86_64 0.2.3 340.62 113.08 453.70 OK --no-vignettes
r-release-macos-arm64 0.2.3 NOTE
r-release-macos-x86_64 0.2.3 NOTE
r-release-windows-ix86+x86_64 0.2.3 969.00 201.00 1170.00 OK --no-vignettes
r-oldrel-macos-x86_64 0.2.3 NOTE
r-oldrel-windows-ix86+x86_64 0.2.3 978.00 202.00 1180.00 OK --no-vignettes

Additional issues

clang-UBSAN gcc-UBSAN

Check Details

Version: 0.2.3
Check: installed package size
Result: NOTE
     installed size is 42.5Mb
     sub-directories of 1Mb or more:
     libs 41.6Mb
Flavors: r-devel-linux-x86_64-fedora-clang, r-release-macos-arm64, r-release-macos-x86_64, r-oldrel-macos-x86_64

Version: 0.2.3
Flags: --no-vignettes
Check: whether package can be installed
Result: ERROR
    Installation failed.
Flavor: r-devel-windows-x86_64-gcc10-UCRT