CRAN Package Check Results for Package gmGeostats

Last updated on 2021-10-22 12:59:15 CEST.

Flavor Version Tinstall Tcheck Ttotal Status Flags
r-devel-linux-x86_64-debian-clang 0.11.0 23.90 145.48 169.38 OK
r-devel-linux-x86_64-debian-gcc 0.11.0 19.50 107.66 127.16 OK
r-devel-linux-x86_64-fedora-clang 0.11.0 214.39 NOTE
r-devel-linux-x86_64-fedora-gcc 0.11.0 201.45 NOTE
r-devel-windows-x86_64 0.11.0 29.00 178.00 207.00 OK
r-devel-windows-x86_64-gcc10-UCRT 0.11.0 NOTE
r-patched-linux-x86_64 0.11.0 29.34 143.10 172.44 OK
r-patched-solaris-x86 0.11.0 229.50 NOTE
r-release-linux-x86_64 0.11.0 21.31 143.47 164.78 OK
r-release-macos-arm64 0.10-9 NOTE
r-release-macos-x86_64 0.11.0 NOTE
r-release-windows-ix86+x86_64 0.11.0 35.00 165.00 200.00 OK
r-oldrel-macos-x86_64 0.11.0 NOTE
r-oldrel-windows-ix86+x86_64 0.10-9 45.00 229.00 274.00 OK

Check Details

Version: 0.11.0
Check: data for non-ASCII characters
Result: NOTE
     Note: found 2629 marked UTF-8 strings
Flavors: r-devel-linux-x86_64-fedora-clang, r-devel-linux-x86_64-fedora-gcc, r-devel-windows-x86_64-gcc10-UCRT, r-patched-solaris-x86, r-release-macos-x86_64, r-oldrel-macos-x86_64

Version: 0.10-9
Check: data for non-ASCII characters
Result: NOTE
     Note: found 2629 marked UTF-8 strings
Flavor: r-release-macos-arm64