CRAN Package Check Results for Package gmnl

Last updated on 2021-09-21 06:48:25 CEST.

Flavor Version Tinstall Tcheck Ttotal Status Flags
r-devel-linux-x86_64-debian-clang 1.1-3.2 12.58 103.55 116.13 OK
r-devel-linux-x86_64-debian-gcc 1.1-3.2 10.49 77.06 87.55 OK
r-devel-linux-x86_64-fedora-clang 1.1-3.2 144.47 NOTE
r-devel-linux-x86_64-fedora-gcc 1.1-3.2 130.89 OK
r-devel-windows-x86_64 1.1-3.2 13.00 90.00 103.00 OK
r-devel-windows-x86_64-gcc10-UCRT 1.1-3.2 ERROR
r-patched-linux-x86_64 1.1-3.2 11.86 97.37 109.23 OK
r-patched-solaris-x86 1.1-3.2 192.00 OK
r-release-linux-x86_64 1.1-3.2 9.03 97.81 106.84 OK
r-release-macos-arm64 1.1-3.2 OK
r-release-macos-x86_64 1.1-3.2 OK
r-release-windows-ix86+x86_64 1.1-3.2 28.00 89.00 117.00 OK
r-oldrel-macos-x86_64 1.1-3.2 OK
r-oldrel-windows-ix86+x86_64 1.1-3.2 29.00 89.00 118.00 OK

Check Details

Version: 1.1-3.2
Check: Rd cross-references
Result: NOTE
    Undeclared package ‘sandwich’ in Rd xrefs
Flavor: r-devel-linux-x86_64-fedora-clang

Version: 1.1-3.2
Check: whether package can be installed
Result: WARN
    Found the following significant warnings:
     WARNING: installation-time patches will not be applied, could not get the patches index
Flavor: r-devel-windows-x86_64-gcc10-UCRT

Version: 1.1-3.2
Check: PDF version of manual
Result: WARN
    LaTeX errors when creating PDF version.
    This typically indicates Rd problems.
Flavor: r-devel-windows-x86_64-gcc10-UCRT

Version: 1.1-3.2
Check: PDF version of manual without hyperrefs or index
Result: ERROR
    Re-running with no redirection of stdout/stderr.
Flavor: r-devel-windows-x86_64-gcc10-UCRT