CRAN Package Check Results for Package googleVis

Last updated on 2021-09-21 06:48:25 CEST.

Flavor Version Tinstall Tcheck Ttotal Status Flags
r-devel-linux-x86_64-debian-clang 0.6.10 6.11 51.83 57.94 OK
r-devel-linux-x86_64-debian-gcc 0.6.10 4.52 40.38 44.90 OK
r-devel-linux-x86_64-fedora-clang 0.6.10 78.70 OK
r-devel-linux-x86_64-fedora-gcc 0.6.10 66.95 OK
r-devel-windows-x86_64 0.6.10 7.00 66.00 73.00 OK
r-devel-windows-x86_64-gcc10-UCRT 0.6.10 ERROR
r-patched-linux-x86_64 0.6.10 8.20 50.80 59.00 OK
r-patched-solaris-x86 0.6.10 95.70 OK
r-release-linux-x86_64 0.6.10 6.07 50.97 57.04 OK
r-release-macos-arm64 0.6.10 OK
r-release-macos-x86_64 0.6.10 OK
r-release-windows-ix86+x86_64 0.6.10 13.00 65.00 78.00 OK
r-oldrel-macos-x86_64 0.6.10 OK
r-oldrel-windows-ix86+x86_64 0.6.10 11.00 62.00 73.00 OK

Check Details

Version: 0.6.10
Check: whether package can be installed
Result: WARN
    Found the following significant warnings:
     WARNING: installation-time patches will not be applied, could not get the patches index
Flavor: r-devel-windows-x86_64-gcc10-UCRT

Version: 0.6.10
Check: PDF version of manual
Result: WARN
    LaTeX errors when creating PDF version.
    This typically indicates Rd problems.
Flavor: r-devel-windows-x86_64-gcc10-UCRT

Version: 0.6.10
Check: PDF version of manual without hyperrefs or index
Result: ERROR
    Re-running with no redirection of stdout/stderr.
Flavor: r-devel-windows-x86_64-gcc10-UCRT