CRAN Package Check Results for Package gotop

Last updated on 2021-09-22 06:48:28 CEST.

Flavor Version Tinstall Tcheck Ttotal Status Flags
r-devel-linux-x86_64-debian-clang 0.1.2 2.50 24.20 26.70 NOTE
r-devel-linux-x86_64-debian-gcc 0.1.2 1.87 19.65 21.52 NOTE
r-devel-linux-x86_64-fedora-clang 0.1.2 41.03 NOTE
r-devel-linux-x86_64-fedora-gcc 0.1.2 30.65 NOTE
r-devel-windows-x86_64 0.1.2 4.00 31.00 35.00 NOTE
r-devel-windows-x86_64-gcc10-UCRT 0.1.2 ERROR
r-patched-linux-x86_64 0.1.2 2.34 23.78 26.12 NOTE
r-patched-solaris-x86 0.1.2 47.60 NOTE
r-release-linux-x86_64 0.1.2 2.20 23.67 25.87 NOTE
r-release-macos-arm64 0.1.2 NOTE
r-release-macos-x86_64 0.1.2 NOTE
r-release-windows-ix86+x86_64 0.1.2 6.00 31.00 37.00 NOTE
r-oldrel-macos-x86_64 0.1.2 OK
r-oldrel-windows-ix86+x86_64 0.1.2 6.00 29.00 35.00 OK

Check Details

Version: 0.1.2
Check: LazyData
Result: NOTE
     'LazyData' is specified without a 'data' directory
Flavors: r-devel-linux-x86_64-debian-clang, r-devel-linux-x86_64-debian-gcc, r-devel-linux-x86_64-fedora-clang, r-devel-linux-x86_64-fedora-gcc, r-devel-windows-x86_64, r-devel-windows-x86_64-gcc10-UCRT, r-patched-linux-x86_64, r-patched-solaris-x86, r-release-linux-x86_64, r-release-macos-arm64, r-release-macos-x86_64, r-release-windows-ix86+x86_64

Version: 0.1.2
Check: PDF version of manual
Result: WARN
    LaTeX errors when creating PDF version.
    This typically indicates Rd problems.
Flavor: r-devel-windows-x86_64-gcc10-UCRT

Version: 0.1.2
Check: PDF version of manual without hyperrefs or index
Result: ERROR
    Re-running with no redirection of stdout/stderr.
Flavor: r-devel-windows-x86_64-gcc10-UCRT