Last updated on 2023-01-28 02:57:20 CET.
Flavor | Version | Tinstall | Tcheck | Ttotal | Status | Flags |
---|---|---|---|---|---|---|
r-devel-linux-x86_64-debian-clang | 1.0.3 | 7.98 | 88.04 | 96.02 | OK | |
r-devel-linux-x86_64-debian-gcc | 1.0.3 | 5.81 | 67.18 | 72.99 | OK | |
r-devel-linux-x86_64-fedora-clang | 1.0.3 | 128.18 | OK | |||
r-devel-linux-x86_64-fedora-gcc | 1.0.3 | 147.97 | OK | |||
r-devel-windows-x86_64 | 1.0.3 | 26.00 | 164.00 | 190.00 | OK | |
r-patched-linux-x86_64 | 1.0.3 | 12.14 | 86.61 | 98.75 | OK | |
r-release-linux-x86_64 | 1.0.3 | 6.60 | 92.10 | 98.70 | OK | |
r-release-macos-arm64 | 1.0.3 | 46.00 | OK | |||
r-release-macos-x86_64 | 1.0.3 | 77.00 | OK | |||
r-release-windows-x86_64 | 1.0.3 | 12.00 | 180.00 | 192.00 | OK | |
r-oldrel-macos-arm64 | 1.0.3 | 32.00 | OK | |||
r-oldrel-macos-x86_64 | 1.0.3 | 48.00 | OK | |||
r-oldrel-windows-ix86+x86_64 | 1.0.3 | 17.00 | 142.00 | 159.00 | WARN |
Version: 1.0.3
Check: for unstated dependencies in ‘tests’
Result: WARN
Warning: unable to access index for repository https://bioconductor.org/packages/3.14/bioc/src/contrib:
cannot open URL 'https://bioconductor.org/packages/3.14/bioc/src/contrib/PACKAGES'
Warning: unable to access index for repository https://bioconductor.org/packages/3.14/data/annotation/src/contrib:
cannot open URL 'https://bioconductor.org/packages/3.14/data/annotation/src/contrib/PACKAGES'
Warning: unable to access index for repository https://bioconductor.org/packages/3.14/data/experiment/src/contrib:
cannot open URL 'https://bioconductor.org/packages/3.14/data/experiment/src/contrib/PACKAGES'
Flavor: r-oldrel-windows-ix86+x86_64