CRAN Package Check Results for Package grImport2

Last updated on 2021-10-22 12:59:15 CEST.

Flavor Version Tinstall Tcheck Ttotal Status Flags
r-devel-linux-x86_64-debian-clang 0.2-0 7.39 57.02 64.41 OK
r-devel-linux-x86_64-debian-gcc 0.2-0 4.37 43.95 48.32 OK
r-devel-linux-x86_64-fedora-clang 0.2-0 85.44 OK
r-devel-linux-x86_64-fedora-gcc 0.2-0 76.13 OK
r-devel-windows-x86_64 0.2-0 9.00 80.00 89.00 OK
r-devel-windows-x86_64-gcc10-UCRT 0.2-0 OK
r-patched-linux-x86_64 0.2-0 7.92 55.63 63.55 OK
r-patched-solaris-x86 0.2-0 108.90 NOTE
r-release-linux-x86_64 0.2-0 6.72 55.22 61.94 OK
r-release-macos-arm64 0.2-0 OK
r-release-macos-x86_64 0.2-0 OK
r-release-windows-ix86+x86_64 0.2-0 9.00 77.00 86.00 OK
r-oldrel-macos-x86_64 0.2-0 OK
r-oldrel-windows-ix86+x86_64 0.2-0 12.00 89.00 101.00 OK

Check Details

Version: 0.2-0
Check: package dependencies
Result: NOTE
    Package suggested but not available for checking: ‘rsvg’
Flavor: r-patched-solaris-x86