CRAN Package Check Results for Package greed

Last updated on 2021-09-23 07:49:38 CEST.

Flavor Version Tinstall Tcheck Ttotal Status Flags
r-devel-linux-x86_64-debian-clang 0.5.1 371.33 566.30 937.63 OK
r-devel-linux-x86_64-debian-gcc 0.5.1 252.05 731.33 983.38 OK
r-devel-linux-x86_64-fedora-clang 0.5.1 1223.89 NOTE
r-devel-linux-x86_64-fedora-gcc 0.5.1 1244.66 NOTE
r-devel-windows-x86_64 0.5.1 356.00 378.00 734.00 OK
r-devel-windows-x86_64-gcc10-UCRT 0.5.1 ERROR
r-patched-linux-x86_64 0.5.1 301.53 561.95 863.48 OK
r-patched-solaris-x86 0.5.1 897.30 NOTE
r-release-linux-x86_64 0.5.1 314.99 567.90 882.89 OK
r-release-macos-arm64 0.5.1 NOTE
r-release-macos-x86_64 0.5.1 NOTE
r-release-windows-ix86+x86_64 0.5.1 884.00 584.00 1468.00 NOTE
r-oldrel-macos-x86_64 0.5.1 NOTE
r-oldrel-windows-ix86+x86_64 0.5.1 614.00 591.00 1205.00 NOTE

Check Details

Version: 0.5.1
Check: installed package size
Result: NOTE
     installed size is 22.1Mb
     sub-directories of 1Mb or more:
     libs 19.8Mb
Flavors: r-devel-linux-x86_64-fedora-clang, r-release-macos-arm64, r-release-macos-x86_64, r-release-windows-ix86+x86_64, r-oldrel-macos-x86_64, r-oldrel-windows-ix86+x86_64

Version: 0.5.1
Check: data for non-ASCII characters
Result: NOTE
     Note: found 6693 marked UTF-8 strings
Flavors: r-devel-linux-x86_64-fedora-clang, r-devel-linux-x86_64-fedora-gcc, r-patched-solaris-x86, r-release-macos-arm64, r-release-macos-x86_64, r-oldrel-macos-x86_64

Version: 0.5.1
Check: package dependencies
Result: NOTE
    Packages suggested but not available for checking: 'igraph', 'spelling'
Flavor: r-devel-windows-x86_64-gcc10-UCRT

Version: 0.5.1
Check: whether package can be installed
Result: ERROR
    Installation failed.
Flavor: r-devel-windows-x86_64-gcc10-UCRT