CRAN Package Check Results for Package groc

Last updated on 2021-09-22 06:48:29 CEST.

Flavor Version Tinstall Tcheck Ttotal Status Flags
r-devel-linux-x86_64-debian-clang 1.0.8 11.08 88.23 99.31 OK
r-devel-linux-x86_64-debian-gcc 1.0.8 9.59 67.53 77.12 OK
r-devel-linux-x86_64-fedora-clang 1.0.8 129.31 OK
r-devel-linux-x86_64-fedora-gcc 1.0.8 115.94 OK
r-devel-windows-x86_64 1.0.8 13.00 82.00 95.00 OK
r-devel-windows-x86_64-gcc10-UCRT 1.0.8 ERROR
r-patched-linux-x86_64 1.0.8 12.19 85.34 97.53 OK
r-patched-solaris-x86 1.0.8 176.20 OK
r-release-linux-x86_64 1.0.8 12.60 87.20 99.80 OK
r-release-macos-arm64 1.0.8 OK
r-release-macos-x86_64 1.0.8 OK
r-release-windows-ix86+x86_64 1.0.8 28.00 116.00 144.00 OK
r-oldrel-macos-x86_64 1.0.8 OK
r-oldrel-windows-ix86+x86_64 1.0.8 28.00 119.00 147.00 OK

Check Details

Version: 1.0.8
Check: whether package can be installed
Result: ERROR
    Installation failed.
Flavor: r-devel-windows-x86_64-gcc10-UCRT