CRAN Package Check Results for Package grpsel

Last updated on 2021-09-25 06:49:20 CEST.

Flavor Version Tinstall Tcheck Ttotal Status Flags
r-devel-linux-x86_64-debian-clang 1.1.1 144.78 47.16 191.94 OK
r-devel-linux-x86_64-debian-gcc 1.1.1 99.88 36.16 136.04 OK
r-devel-linux-x86_64-fedora-clang 1.1.1 281.64 OK
r-devel-linux-x86_64-fedora-gcc 1.1.1 244.64 OK
r-devel-windows-x86_64 1.1.1 133.00 64.00 197.00 OK
r-devel-windows-x86_64-gcc10-UCRT 1.1.1 OK
r-patched-linux-x86_64 1.1.1 114.04 43.59 157.63 OK
r-patched-solaris-x86 1.1.1 230.40 OK
r-release-linux-x86_64 1.1.1 115.57 43.92 159.49 OK
r-release-macos-arm64 1.1.1 NOTE
r-release-macos-x86_64 1.1.1 OK
r-release-windows-ix86+x86_64 1.1.1 339.00 84.00 423.00 OK
r-oldrel-macos-x86_64 1.0.0 OK
r-oldrel-windows-ix86+x86_64 1.0.0 335.00 75.00 410.00 OK

Check Details

Version: 1.1.1
Check: installed package size
Result: NOTE
     installed size is 5.5Mb
     sub-directories of 1Mb or more:
     libs 5.2Mb
Flavor: r-release-macos-arm64