CRAN Package Check Results for Package gsw

Last updated on 2021-09-19 06:49:01 CEST.

Flavor Version Tinstall Tcheck Ttotal Status Flags
r-devel-linux-x86_64-debian-clang 1.0-6 13.92 60.83 74.75 OK
r-devel-linux-x86_64-debian-gcc 1.0-6 10.75 47.22 57.97 OK
r-devel-linux-x86_64-fedora-clang 1.0-6 101.54 OK
r-devel-linux-x86_64-fedora-gcc 1.0-6 91.85 OK
r-devel-windows-x86_64 1.0-6 20.00 99.00 119.00 OK
r-devel-windows-x86_64-gcc10-UCRT 1.0-6 ERROR
r-patched-linux-x86_64 1.0-6 15.82 58.80 74.62 OK
r-patched-solaris-x86 1.0-6 115.10 OK
r-release-linux-x86_64 1.0-6 13.66 58.44 72.10 OK
r-release-macos-arm64 1.0-6 OK
r-release-macos-x86_64 1.0-6 OK
r-release-windows-ix86+x86_64 1.0-6 37.00 83.00 120.00 OK
r-oldrel-macos-x86_64 1.0-6 OK
r-oldrel-windows-ix86+x86_64 1.0-6 36.00 87.00 123.00 OK

Check Details

Version: 1.0-6
Check: whether package can be installed
Result: ERROR
    Installation failed.
Flavor: r-devel-windows-x86_64-gcc10-UCRT