Last updated on 2023-02-04 00:50:54 CET.
Flavor | Version | Tinstall | Tcheck | Ttotal | Status | Flags |
---|---|---|---|---|---|---|
r-devel-linux-x86_64-debian-clang | 1.2.1 | 47.64 | 214.85 | 262.49 | NOTE | |
r-devel-linux-x86_64-debian-gcc | 1.2.1 | 36.89 | 152.50 | 189.39 | NOTE | |
r-devel-linux-x86_64-fedora-clang | 1.2.1 | 319.86 | NOTE | |||
r-devel-linux-x86_64-fedora-gcc | 1.2.1 | 340.89 | NOTE | |||
r-patched-linux-x86_64 | 1.2.1 | 42.51 | 185.16 | 227.67 | NOTE | |
r-release-linux-x86_64 | 1.2.1 | 39.66 | 185.81 | 225.47 | NOTE | |
r-release-macos-arm64 | 1.2.1 | 77.00 | NOTE | |||
r-release-macos-x86_64 | 1.2.1 | 109.00 | NOTE | |||
r-release-windows-x86_64 | 1.2.1 | 145.00 | 234.00 | 379.00 | NOTE | |
r-oldrel-macos-arm64 | 1.2.1 | 73.00 | NOTE | |||
r-oldrel-macos-x86_64 | 1.2.1 | 110.00 | NOTE | |||
r-oldrel-windows-ix86+x86_64 | 1.2.1 | 82.00 | 253.00 | 335.00 | NOTE |
Version: 1.2.1
Check: C++ specification
Result: NOTE
Specified C++14: please update to current default of C++17
Flavors: r-devel-linux-x86_64-debian-clang, r-devel-linux-x86_64-debian-gcc, r-devel-linux-x86_64-fedora-clang, r-devel-linux-x86_64-fedora-gcc
Version: 1.2.1
Check: for GNU extensions in Makefiles
Result: NOTE
GNU make is a SystemRequirements.
Flavors: r-devel-linux-x86_64-debian-clang, r-devel-linux-x86_64-debian-gcc, r-devel-linux-x86_64-fedora-clang, r-devel-linux-x86_64-fedora-gcc, r-patched-linux-x86_64, r-release-linux-x86_64, r-release-macos-arm64, r-release-macos-x86_64, r-release-windows-x86_64, r-oldrel-macos-arm64, r-oldrel-macos-x86_64, r-oldrel-windows-ix86+x86_64
Version: 1.2.1
Check: installed package size
Result: NOTE
installed size is 5.5Mb
sub-directories of 1Mb or more:
R 3.1Mb
extdata 1.3Mb
Flavors: r-release-macos-arm64, r-oldrel-macos-arm64