Last updated on 2025-01-24 00:48:32 CET.
Flavor | Version | Tinstall | Tcheck | Ttotal | Status | Flags |
---|---|---|---|---|---|---|
r-devel-linux-x86_64-debian-clang | 0.2.3 | 11.82 | 416.12 | 427.94 | NOTE | |
r-devel-linux-x86_64-debian-gcc | 0.2.3 | 8.29 | 319.30 | 327.59 | NOTE | |
r-devel-linux-x86_64-fedora-clang | 0.2.3 | 741.39 | OK | |||
r-devel-linux-x86_64-fedora-gcc | 0.2.3 | 787.44 | OK | |||
r-devel-windows-x86_64 | 0.2.3 | 12.00 | 402.00 | 414.00 | NOTE | |
r-patched-linux-x86_64 | 0.2.3 | 17.23 | 461.33 | 478.56 | OK | |
r-release-linux-x86_64 | 0.2.3 | 11.75 | 459.19 | 470.94 | OK | |
r-release-macos-arm64 | 0.2.3 | 233.00 | OK | |||
r-release-macos-x86_64 | 0.2.3 | 447.00 | OK | |||
r-release-windows-x86_64 | 0.2.3 | 12.00 | 400.00 | 412.00 | OK | |
r-oldrel-macos-arm64 | 0.2.3 | 259.00 | OK | |||
r-oldrel-macos-x86_64 | 0.2.3 | 376.00 | OK | |||
r-oldrel-windows-x86_64 | 0.2.3 | 16.00 | 525.00 | 541.00 | OK |
Version: 0.2.3
Check: Rd cross-references
Result: NOTE
Found the following Rd file(s) with Rd \link{} targets missing package
anchors:
format_long_hazards.Rd: data.table
Please provide package anchors for all Rd \link{} targets not in the
package itself and the base packages.
Flavors: r-devel-linux-x86_64-debian-clang, r-devel-linux-x86_64-debian-gcc, r-devel-windows-x86_64