CRAN Package Check Results for Package hardhat

Last updated on 2021-10-22 12:59:15 CEST.

Flavor Version Tinstall Tcheck Ttotal Status Flags
r-devel-linux-x86_64-debian-clang 0.1.6 6.48 99.50 105.98 OK
r-devel-linux-x86_64-debian-gcc 0.1.6 5.15 74.91 80.06 OK
r-devel-linux-x86_64-fedora-clang 0.1.6 141.57 NOTE
r-devel-linux-x86_64-fedora-gcc 0.1.6 122.54 OK
r-devel-windows-x86_64 0.1.6 25.00 137.00 162.00 OK
r-devel-windows-x86_64-gcc10-UCRT 0.1.6 OK
r-patched-linux-x86_64 0.1.6 7.42 102.31 109.73 OK
r-patched-solaris-x86 0.1.6 147.50 OK
r-release-linux-x86_64 0.1.6 5.59 102.36 107.95 OK
r-release-macos-arm64 0.1.6 OK
r-release-macos-x86_64 0.1.6 OK
r-release-windows-ix86+x86_64 0.1.6 12.00 141.00 153.00 OK
r-oldrel-macos-x86_64 0.1.6 OK
r-oldrel-windows-ix86+x86_64 0.1.6 12.00 152.00 164.00 OK

Check Details

Version: 0.1.6
Check: Rd cross-references
Result: NOTE
    Undeclared package ‘parsnip’ in Rd xrefs
Flavor: r-devel-linux-x86_64-fedora-clang