CRAN Package Check Results for Package harrietr

Last updated on 2021-09-17 06:48:45 CEST.

Flavor Version Tinstall Tcheck Ttotal Status Flags
r-devel-linux-x86_64-debian-clang 0.2.3 6.16 60.13 66.29 OK
r-devel-linux-x86_64-debian-gcc 0.2.3 5.66 44.87 50.53 OK
r-devel-linux-x86_64-fedora-clang 0.2.3 88.79 OK
r-devel-linux-x86_64-fedora-gcc 0.2.3 74.68 OK
r-devel-windows-x86_64 0.2.3 9.00 80.00 89.00 OK
r-devel-windows-x86_64-gcc10-UCRT 0.2.3 OK
r-patched-linux-x86_64 0.2.3 6.48 55.27 61.75 OK
r-patched-solaris-x86 0.2.3 114.20 OK
r-release-linux-x86_64 0.2.3 6.88 55.25 62.13 OK
r-release-macos-arm64 0.2.3 OK
r-release-macos-x86_64 0.2.3 ERROR
r-release-windows-ix86+x86_64 0.2.3 17.00 60.00 77.00 OK
r-oldrel-macos-x86_64 0.2.3 ERROR
r-oldrel-windows-ix86+x86_64 0.2.3 16.00 86.00 102.00 OK

Check Details

Version: 0.2.3
Check: package dependencies
Result: ERROR
    Package required but not available: ‘ggtree’
    
    See section ‘The DESCRIPTION file’ in the ‘Writing R Extensions’
    manual.
Flavors: r-release-macos-x86_64, r-oldrel-macos-x86_64