CRAN Package Check Results for Package hctrial

Last updated on 2021-10-27 02:52:36 CEST.

Flavor Version Tinstall Tcheck Ttotal Status Flags
r-devel-linux-x86_64-debian-clang 0.1.0 2.29 29.87 32.16 NOTE
r-devel-linux-x86_64-debian-gcc 0.1.0 1.85 22.35 24.20 NOTE
r-devel-linux-x86_64-fedora-clang 0.1.0 49.20 NOTE
r-devel-linux-x86_64-fedora-gcc 0.1.0 38.97 NOTE
r-devel-windows-x86_64 0.1.0 4.00 37.00 41.00 NOTE
r-devel-windows-x86_64-gcc10-UCRT 0.1.0 NOTE
r-patched-linux-x86_64 0.1.0 2.44 28.83 31.27 NOTE
r-patched-solaris-x86 0.1.0 55.40 NOTE
r-release-linux-x86_64 0.1.0 2.14 28.50 30.64 NOTE
r-release-macos-arm64 0.1.0 NOTE
r-release-macos-x86_64 0.1.0 NOTE
r-release-windows-ix86+x86_64 0.1.0 4.00 45.00 49.00 NOTE
r-oldrel-macos-x86_64 0.1.0 OK
r-oldrel-windows-ix86+x86_64 0.1.0 6.00 46.00 52.00 OK

Check Details

Version: 0.1.0
Check: LazyData
Result: NOTE
     'LazyData' is specified without a 'data' directory
Flavors: r-devel-linux-x86_64-debian-clang, r-devel-linux-x86_64-debian-gcc, r-devel-linux-x86_64-fedora-clang, r-devel-linux-x86_64-fedora-gcc, r-devel-windows-x86_64, r-devel-windows-x86_64-gcc10-UCRT, r-patched-linux-x86_64, r-patched-solaris-x86, r-release-linux-x86_64, r-release-macos-arm64, r-release-macos-x86_64, r-release-windows-ix86+x86_64