Last updated on 2022-08-20 01:50:00 CEST.
Flavor | Version | Tinstall | Tcheck | Ttotal | Status | Flags |
---|---|---|---|---|---|---|
r-devel-linux-x86_64-debian-clang | 1.3.0 | 8.84 | 249.41 | 258.25 | NOTE | |
r-devel-linux-x86_64-debian-gcc | 1.3.0 | 7.82 | 178.97 | 186.79 | NOTE | |
r-devel-linux-x86_64-fedora-clang | 1.3.0 | 299.03 | NOTE | |||
r-devel-linux-x86_64-fedora-gcc | 1.3.0 | 298.06 | NOTE | |||
r-devel-windows-x86_64 | 1.3.0 | 51.00 | 264.00 | 315.00 | NOTE | |
r-patched-linux-x86_64 | 1.3.0 | 13.80 | 228.91 | 242.71 | OK | |
r-release-linux-x86_64 | 1.3.0 | OK | ||||
r-release-macos-arm64 | 1.3.0 | 74.00 | NOTE | |||
r-release-macos-x86_64 | 1.3.0 | 126.00 | NOTE | |||
r-release-windows-x86_64 | 1.3.0 | 57.00 | 271.00 | 328.00 | NOTE | |
r-oldrel-macos-arm64 | 1.3.0 | 82.00 | NOTE | |||
r-oldrel-macos-x86_64 | 1.3.0 | 144.00 | NOTE | |||
r-oldrel-windows-ix86+x86_64 | 1.3.0 | 22.00 | 282.00 | 304.00 | NOTE |
Version: 1.3.0
Check: package subdirectories
Result: NOTE
Problems with news in 'NEWS.md':
Cannot extract version info from the following section titles:
TODO:
"GW", "OLO"
seriate(cophenetic(dend), method = "OLO", control = list(hclust = as.hclust(dend)))
the downside in using cophenetic is that seriate has to go through running hclust all over again
but we'll just have to accept it...
Flavors: r-devel-linux-x86_64-debian-clang, r-devel-linux-x86_64-debian-gcc, r-devel-linux-x86_64-fedora-clang, r-devel-linux-x86_64-fedora-gcc, r-devel-windows-x86_64
Version: 1.3.0
Check: installed package size
Result: NOTE
installed size is 5.5Mb
sub-directories of 1Mb or more:
doc 5.1Mb
Flavors: r-devel-linux-x86_64-fedora-clang, r-devel-windows-x86_64, r-release-macos-arm64, r-release-macos-x86_64, r-release-windows-x86_64, r-oldrel-macos-arm64, r-oldrel-macos-x86_64, r-oldrel-windows-ix86+x86_64