CRAN Package Check Results for Package hextri

Last updated on 2021-09-21 06:48:27 CEST.

Flavor Version Tinstall Tcheck Ttotal Status Flags
r-devel-linux-x86_64-debian-clang 0.6 2.84 36.08 38.92 NOTE
r-devel-linux-x86_64-debian-gcc 0.6 2.32 28.26 30.58 NOTE
r-devel-linux-x86_64-fedora-clang 0.6 54.68 OK
r-devel-linux-x86_64-fedora-gcc 0.6 44.70 OK
r-devel-windows-x86_64 0.6 5.00 44.00 49.00 NOTE
r-devel-windows-x86_64-gcc10-UCRT 0.6 ERROR
r-patched-linux-x86_64 0.6 2.71 30.69 33.40 NOTE
r-patched-solaris-x86 0.6 70.10 OK
r-release-linux-x86_64 0.6 3.01 31.21 34.22 NOTE
r-release-macos-arm64 0.6 OK
r-release-macos-x86_64 0.6 OK
r-release-windows-ix86+x86_64 0.6 7.00 39.00 46.00 NOTE
r-oldrel-macos-x86_64 0.6 OK
r-oldrel-windows-ix86+x86_64 0.6 7.00 37.00 44.00 NOTE

Check Details

Version: 0.6
Check: package vignettes
Result: NOTE
    Package vignette with placeholder title 'Vignette Title':
     'hexbin-classes.Rmd'
Flavors: r-devel-linux-x86_64-debian-clang, r-devel-linux-x86_64-debian-gcc, r-devel-windows-x86_64, r-patched-linux-x86_64, r-release-linux-x86_64, r-release-windows-ix86+x86_64, r-oldrel-windows-ix86+x86_64

Version: 0.6
Check: whether package can be installed
Result: WARN
    Found the following significant warnings:
     WARNING: installation-time patches will not be applied, could not get the patches index
Flavor: r-devel-windows-x86_64-gcc10-UCRT

Version: 0.6
Check: PDF version of manual
Result: WARN
    LaTeX errors when creating PDF version.
    This typically indicates Rd problems.
Flavor: r-devel-windows-x86_64-gcc10-UCRT

Version: 0.6
Check: PDF version of manual without hyperrefs or index
Result: ERROR
    Re-running with no redirection of stdout/stderr.
Flavor: r-devel-windows-x86_64-gcc10-UCRT