CRAN Package Check Results for Package hhi

Last updated on 2021-09-24 06:48:29 CEST.

Flavor Version Tinstall Tcheck Ttotal Status Flags
r-devel-linux-x86_64-debian-clang 1.2.0 1.90 23.88 25.78 NOTE
r-devel-linux-x86_64-debian-gcc 1.2.0 1.57 19.08 20.65 NOTE
r-devel-linux-x86_64-fedora-clang 1.2.0 40.02 NOTE
r-devel-linux-x86_64-fedora-gcc 1.2.0 29.14 NOTE
r-devel-windows-x86_64 1.2.0 3.00 31.00 34.00 NOTE
r-devel-windows-x86_64-gcc10-UCRT 1.2.0 NOTE
r-patched-linux-x86_64 1.2.0 1.93 22.70 24.63 NOTE
r-patched-solaris-x86 1.2.0 45.20 NOTE
r-release-linux-x86_64 1.2.0 1.67 22.94 24.61 NOTE
r-release-macos-arm64 1.2.0 NOTE
r-release-macos-x86_64 1.2.0 NOTE
r-release-windows-ix86+x86_64 1.2.0 5.00 30.00 35.00 NOTE
r-oldrel-macos-x86_64 1.2.0 OK
r-oldrel-windows-ix86+x86_64 1.2.0 4.00 29.00 33.00 OK

Check Details

Version: 1.2.0
Check: LazyData
Result: NOTE
     'LazyData' is specified without a 'data' directory
Flavors: r-devel-linux-x86_64-debian-clang, r-devel-linux-x86_64-debian-gcc, r-devel-linux-x86_64-fedora-clang, r-devel-linux-x86_64-fedora-gcc, r-devel-windows-x86_64, r-devel-windows-x86_64-gcc10-UCRT, r-patched-linux-x86_64, r-patched-solaris-x86, r-release-linux-x86_64, r-release-macos-arm64, r-release-macos-x86_64, r-release-windows-ix86+x86_64