CRAN Package Check Results for Package hillR

Last updated on 2021-09-28 06:48:25 CEST.

Flavor Version Tinstall Tcheck Ttotal Status Flags
r-devel-linux-x86_64-debian-clang 0.5.1 3.73 43.54 47.27 NOTE
r-devel-linux-x86_64-debian-gcc 0.5.1 2.78 32.13 34.91 NOTE
r-devel-linux-x86_64-fedora-clang 0.5.1 66.43 NOTE
r-devel-linux-x86_64-fedora-gcc 0.5.1 51.92 NOTE
r-devel-windows-x86_64 0.5.1 6.00 47.00 53.00 NOTE
r-devel-windows-x86_64-gcc10-UCRT 0.5.1 NOTE
r-patched-linux-x86_64 0.5.1 4.03 40.77 44.80 NOTE
r-patched-solaris-x86 0.5.1 77.90 NOTE
r-release-linux-x86_64 0.5.1 3.66 40.69 44.35 NOTE
r-release-macos-arm64 0.5.1 NOTE
r-release-macos-x86_64 0.5.1 NOTE
r-release-windows-ix86+x86_64 0.5.1 7.00 44.00 51.00 NOTE
r-oldrel-macos-x86_64 0.5.1 OK
r-oldrel-windows-ix86+x86_64 0.5.1 6.00 46.00 52.00 OK

Check Details

Version: 0.5.1
Check: LazyData
Result: NOTE
     'LazyData' is specified without a 'data' directory
Flavors: r-devel-linux-x86_64-debian-clang, r-devel-linux-x86_64-debian-gcc, r-devel-linux-x86_64-fedora-clang, r-devel-linux-x86_64-fedora-gcc, r-devel-windows-x86_64, r-devel-windows-x86_64-gcc10-UCRT, r-patched-linux-x86_64, r-patched-solaris-x86, r-release-linux-x86_64, r-release-macos-arm64, r-release-macos-x86_64, r-release-windows-ix86+x86_64