CRAN Package Check Results for Package hisse

Last updated on 2021-10-22 12:59:16 CEST.

Flavor Version Tinstall Tcheck Ttotal Status Flags
r-devel-linux-x86_64-debian-clang 1.9.19 53.40 333.85 387.25 OK
r-devel-linux-x86_64-debian-gcc 1.9.19 40.69 235.82 276.51 OK
r-devel-linux-x86_64-fedora-clang 1.9.19 481.12 OK
r-devel-linux-x86_64-fedora-gcc 1.9.19 441.81 OK
r-devel-windows-x86_64 1.9.19 90.00 400.00 490.00 OK
r-devel-windows-x86_64-gcc10-UCRT 1.9.19 ERROR
r-patched-linux-x86_64 1.9.19 44.33 339.09 383.42 OK
r-patched-solaris-x86 1.9.19 401.80 OK
r-release-linux-x86_64 1.9.19 45.79 339.40 385.19 OK
r-release-macos-arm64 1.9.19 OK
r-release-macos-x86_64 1.9.19 OK
r-release-windows-ix86+x86_64 1.9.19 94.00 446.00 540.00 OK
r-oldrel-macos-x86_64 1.9.19 OK
r-oldrel-windows-ix86+x86_64 1.9.19 121.00 459.00 580.00 OK

Check Details

Version: 1.9.19
Check: package dependencies
Result: ERROR
    Package required but not available: 'phytools'
    
    See section 'The DESCRIPTION file' in the 'Writing R Extensions'
    manual.
Flavor: r-devel-windows-x86_64-gcc10-UCRT