CRAN Package Check Results for Package histry

Last updated on 2021-09-20 07:50:37 CEST.

Flavor Version Tinstall Tcheck Ttotal Status Flags
r-devel-linux-x86_64-debian-clang 0.2.4 8.04 65.08 73.12 OK
r-devel-linux-x86_64-debian-gcc 0.2.4 6.18 51.29 57.47 OK
r-devel-linux-x86_64-fedora-clang 0.2.4 96.37 OK
r-devel-linux-x86_64-fedora-gcc 0.2.4 87.00 OK
r-devel-windows-x86_64 0.2.4 11.00 63.00 74.00 OK
r-devel-windows-x86_64-gcc10-UCRT 0.2.4 ERROR
r-patched-linux-x86_64 0.2.4 7.68 65.91 73.59 OK
r-patched-solaris-x86 0.2.4 145.60 NOTE
r-release-linux-x86_64 0.2.4 6.88 65.57 72.45 OK
r-release-macos-arm64 0.2.4 OK
r-release-macos-x86_64 0.2.4 OK
r-release-windows-ix86+x86_64 0.2.4 21.00 62.00 83.00 OK
r-oldrel-macos-x86_64 0.2.4 OK
r-oldrel-windows-ix86+x86_64 0.2.4 20.00 66.00 86.00 OK

Check Details

Version: 0.2.4
Check: package dependencies
Result: ERROR
    Packages required but not available: 'roprov', 'CodeDepends'
    
    Package suggested but not available for checking: 'trackr'
    
    See section 'The DESCRIPTION file' in the 'Writing R Extensions'
    manual.
Flavor: r-devel-windows-x86_64-gcc10-UCRT

Version: 0.2.4
Check: package dependencies
Result: NOTE
    Package suggested but not available for checking: ‘trackr’
Flavor: r-patched-solaris-x86