CRAN Package Check Results for Package hot.deck

Last updated on 2021-09-20 07:50:37 CEST.

Flavor Version Tinstall Tcheck Ttotal Status Flags
r-devel-linux-x86_64-debian-clang 1.2 2.79 46.28 49.07 OK
r-devel-linux-x86_64-debian-gcc 1.2 2.50 34.26 36.76 OK
r-devel-linux-x86_64-fedora-clang 1.2 66.84 OK
r-devel-linux-x86_64-fedora-gcc 1.2 56.55 OK
r-devel-windows-x86_64 1.2 3.00 54.00 57.00 OK
r-devel-windows-x86_64-gcc10-UCRT 1.2 ERROR
r-patched-linux-x86_64 1.2 3.03 44.57 47.60 OK
r-patched-solaris-x86 1.2 88.70 OK
r-release-linux-x86_64 1.2 2.85 43.87 46.72 OK
r-release-macos-arm64 1.2 OK
r-release-macos-x86_64 1.2 OK
r-release-windows-ix86+x86_64 1.2 7.00 51.00 58.00 OK
r-oldrel-macos-x86_64 1.2 OK
r-oldrel-windows-ix86+x86_64 1.2 7.00 48.00 55.00 OK

Check Details

Version: 1.2
Check: whether package can be installed
Result: WARN
    Found the following significant warnings:
     WARNING: installation-time patches will not be applied, could not get the patches index
Flavor: r-devel-windows-x86_64-gcc10-UCRT

Version: 1.2
Check: PDF version of manual
Result: WARN
    LaTeX errors when creating PDF version.
    This typically indicates Rd problems.
Flavor: r-devel-windows-x86_64-gcc10-UCRT

Version: 1.2
Check: PDF version of manual without hyperrefs or index
Result: ERROR
    Re-running with no redirection of stdout/stderr.
Flavor: r-devel-windows-x86_64-gcc10-UCRT