CRAN Package Check Results for Package huge

Last updated on 2021-09-23 07:49:40 CEST.

Flavor Version Tinstall Tcheck Ttotal Status Flags
r-devel-linux-x86_64-debian-clang 1.3.5 86.64 132.59 219.23 OK
r-devel-linux-x86_64-debian-gcc 1.3.5 52.24 106.08 158.32 OK
r-devel-linux-x86_64-fedora-clang 1.3.5 284.58 NOTE
r-devel-linux-x86_64-fedora-gcc 1.3.5 266.05 OK
r-devel-windows-x86_64 1.3.5 64.00 135.00 199.00 OK
r-devel-windows-x86_64-gcc10-UCRT 1.3.5 ERROR
r-patched-linux-x86_64 1.3.5 64.68 127.72 192.40 OK
r-patched-solaris-x86 1.3.5 294.30 OK
r-release-linux-x86_64 1.3.5 62.81 129.12 191.93 OK
r-release-macos-arm64 1.3.5 NOTE
r-release-macos-x86_64 1.3.5 NOTE
r-release-windows-ix86+x86_64 1.3.5 177.00 202.00 379.00 OK
r-oldrel-macos-x86_64 1.3.5 NOTE
r-oldrel-windows-ix86+x86_64 1.3.5 124.00 192.00 316.00 OK

Check Details

Version: 1.3.5
Check: installed package size
Result: NOTE
     installed size is 8.7Mb
     sub-directories of 1Mb or more:
     libs 7.3Mb
Flavors: r-devel-linux-x86_64-fedora-clang, r-release-macos-arm64, r-release-macos-x86_64, r-oldrel-macos-x86_64

Version: 1.3.5
Check: package dependencies
Result: ERROR
    Package required but not available: 'igraph'
    
    See section 'The DESCRIPTION file' in the 'Writing R Extensions'
    manual.
Flavor: r-devel-windows-x86_64-gcc10-UCRT