CRAN Package Check Results for Package hydra

Last updated on 2021-10-22 12:59:16 CEST.

Flavor Version Tinstall Tcheck Ttotal Status Flags
r-devel-linux-x86_64-debian-clang 0.1.0 2.21 25.26 27.47 OK
r-devel-linux-x86_64-debian-gcc 0.1.0 1.88 19.95 21.83 OK
r-devel-linux-x86_64-fedora-clang 0.1.0 44.97 OK
r-devel-linux-x86_64-fedora-gcc 0.1.0 34.00 OK
r-devel-windows-x86_64 0.1.0 5.00 44.00 49.00 OK
r-devel-windows-x86_64-gcc10-UCRT 0.1.0 NOTE
r-patched-linux-x86_64 0.1.0 2.46 24.87 27.33 OK
r-patched-solaris-x86 0.1.0 51.50 OK
r-release-linux-x86_64 0.1.0 2.39 24.79 27.18 OK
r-release-macos-arm64 0.1.0 OK
r-release-macos-x86_64 0.1.0 OK
r-release-windows-ix86+x86_64 0.1.0 4.00 43.00 47.00 OK
r-oldrel-macos-x86_64 0.1.0 OK
r-oldrel-windows-ix86+x86_64 0.1.0 7.00 48.00 55.00 OK

Check Details

Version: 0.1.0
Check: package dependencies
Result: NOTE
    Package suggested but not available for checking: 'igraph'
Flavor: r-devel-windows-x86_64-gcc10-UCRT