Last updated on 2023-06-01 02:53:50 CEST.
Flavor | Version | Tinstall | Tcheck | Ttotal | Status | Flags |
---|---|---|---|---|---|---|
r-devel-linux-x86_64-debian-clang | 1.3.1 | 348.60 | 77.20 | 425.80 | OK | |
r-devel-linux-x86_64-debian-gcc | 1.3.1 | 263.41 | 60.93 | 324.34 | OK | |
r-devel-linux-x86_64-fedora-clang | 1.3.1 | 679.87 | NOTE | |||
r-devel-linux-x86_64-fedora-gcc | 1.3.1 | 647.50 | NOTE | |||
r-devel-windows-x86_64 | 1.3.1 | 267.00 | 99.00 | 366.00 | OK | |
r-patched-linux-x86_64 | 1.3.1 | OK | ||||
r-release-linux-x86_64 | 1.3.1 | 279.62 | 74.22 | 353.84 | OK | |
r-release-macos-arm64 | 1.3.1 | 132.00 | NOTE | |||
r-release-macos-x86_64 | 1.3.1 | 228.00 | NOTE | |||
r-release-windows-x86_64 | 1.3.1 | 349.00 | 116.00 | 465.00 | OK | |
r-oldrel-macos-arm64 | 1.3.1 | 123.00 | NOTE | |||
r-oldrel-macos-x86_64 | 1.3.1 | 152.00 | NOTE | |||
r-oldrel-windows-x86_64 | 1.3.1 | 329.00 | 111.00 | 440.00 | OK |
Version: 1.3.1
Check: compiled code
Result: NOTE
File ‘iBATCGH/libs/iBATCGH.so’:
Found no calls to: ‘R_registerRoutines’, ‘R_useDynamicSymbols’
It is good practice to register native routines and to disable symbol
search.
See ‘Writing portable packages’ in the ‘Writing R Extensions’ manual.
Flavors: r-devel-linux-x86_64-fedora-clang, r-devel-linux-x86_64-fedora-gcc
Version: 1.3.1
Check: installed package size
Result: NOTE
installed size is 8.9Mb
sub-directories of 1Mb or more:
data 3.0Mb
libs 5.8Mb
Flavors: r-release-macos-arm64, r-release-macos-x86_64, r-oldrel-macos-arm64, r-oldrel-macos-x86_64