CRAN Package Check Results for Package ibm

Last updated on 2021-09-19 06:49:03 CEST.

Flavor Version Tinstall Tcheck Ttotal Status Flags
r-devel-linux-x86_64-debian-clang 0.1.0 10.56 28.98 39.54 OK
r-devel-linux-x86_64-debian-gcc 0.1.0 6.50 22.86 29.36 OK
r-devel-linux-x86_64-fedora-clang 0.1.0 60.83 NOTE
r-devel-linux-x86_64-fedora-gcc 0.1.0 46.97 NOTE
r-devel-windows-x86_64 0.1.0 13.00 58.00 71.00 OK
r-devel-windows-x86_64-gcc10-UCRT 0.1.0 ERROR
r-patched-linux-x86_64 0.1.0 9.01 28.66 37.67 OK
r-patched-solaris-x86 0.1.0 64.00 OK
r-release-linux-x86_64 0.1.0 10.31 28.93 39.24 OK
r-release-macos-arm64 0.1.0 OK
r-release-macos-x86_64 0.1.0 OK
r-release-windows-ix86+x86_64 0.1.0 26.00 53.00 79.00 OK
r-oldrel-macos-x86_64 0.1.0 OK
r-oldrel-windows-ix86+x86_64 0.1.0 26.00 56.00 82.00 OK

Check Details

Version: 0.1.0
Check: compiled code
Result: NOTE
    File ‘ibm/libs/ibm.so’:
     Found no calls to: ‘R_registerRoutines’, ‘R_useDynamicSymbols’
    
    It is good practice to register native routines and to disable symbol
    search.
    
    See ‘Writing portable packages’ in the ‘Writing R Extensions’ manual.
Flavors: r-devel-linux-x86_64-fedora-clang, r-devel-linux-x86_64-fedora-gcc

Version: 0.1.0
Check: whether package can be installed
Result: ERROR
    Installation failed.
Flavor: r-devel-windows-x86_64-gcc10-UCRT