CRAN Package Check Results for Package icesVocab

Last updated on 2021-09-21 06:48:28 CEST.

Flavor Version Tinstall Tcheck Ttotal Status Flags
r-devel-linux-x86_64-debian-clang 1.1.9 1.99 24.47 26.46 OK
r-devel-linux-x86_64-debian-gcc 1.1.9 1.59 19.55 21.14 OK
r-devel-linux-x86_64-fedora-clang 1.1.9 41.69 OK
r-devel-linux-x86_64-fedora-gcc 1.1.9 31.69 OK
r-devel-windows-x86_64 1.1.9 3.00 32.00 35.00 OK
r-devel-windows-x86_64-gcc10-UCRT 1.1.9 ERROR
r-patched-linux-x86_64 1.1.9 2.27 23.80 26.07 OK
r-patched-solaris-x86 1.1.9 49.40 OK
r-release-linux-x86_64 1.1.9 1.99 24.32 26.31 OK
r-release-macos-arm64 1.1.9 OK
r-release-macos-x86_64 1.1.9 OK
r-release-windows-ix86+x86_64 1.1.9 5.00 30.00 35.00 OK
r-oldrel-macos-x86_64 1.1.9 OK
r-oldrel-windows-ix86+x86_64 1.1.9 5.00 32.00 37.00 OK

Check Details

Version: 1.1.9
Check: whether package can be installed
Result: WARN
    Found the following significant warnings:
     WARNING: installation-time patches will not be applied, could not get the patches index
Flavor: r-devel-windows-x86_64-gcc10-UCRT

Version: 1.1.9
Check: PDF version of manual
Result: WARN
    LaTeX errors when creating PDF version.
    This typically indicates Rd problems.
Flavor: r-devel-windows-x86_64-gcc10-UCRT

Version: 1.1.9
Check: PDF version of manual without hyperrefs or index
Result: ERROR
    Re-running with no redirection of stdout/stderr.
Flavor: r-devel-windows-x86_64-gcc10-UCRT