CRAN Package Check Results for Package imager

Last updated on 2021-09-27 06:48:26 CEST.

Flavor Version Tinstall Tcheck Ttotal Status Flags
r-devel-linux-x86_64-debian-clang 0.42.10 642.94 173.82 816.76 WARN
r-devel-linux-x86_64-debian-gcc 0.42.10 543.74 135.25 678.99 WARN
r-devel-linux-x86_64-fedora-clang 0.42.10 1172.32 NOTE
r-devel-linux-x86_64-fedora-gcc 0.42.10 1200.54 NOTE
r-devel-windows-x86_64 0.42.10 531.00 186.00 717.00 NOTE
r-devel-windows-x86_64-gcc10-UCRT 0.42.10 WARN
r-patched-linux-x86_64 0.42.10 587.62 167.52 755.14 WARN
r-patched-solaris-x86 0.42.10 850.90 NOTE
r-release-linux-x86_64 0.42.10 588.23 168.47 756.70 WARN
r-release-macos-arm64 0.42.10 NOTE
r-release-macos-x86_64 0.42.10 NOTE
r-release-windows-ix86+x86_64 0.42.10 1381.00 284.00 1665.00 NOTE
r-oldrel-macos-x86_64 0.42.10 NOTE
r-oldrel-windows-ix86+x86_64 0.42.10 1010.00 285.00 1295.00 ERROR

Additional issues

M1mac M1mac

Check Details

Version: 0.42.10
Check: top-level files
Result: WARN
     Output from running autoreconf:
     configure.ac:231: warning: AC_OUTPUT should be used without arguments.
     configure.ac:231: You should run autoupdate.
Flavors: r-devel-linux-x86_64-debian-clang, r-devel-linux-x86_64-debian-gcc, r-patched-linux-x86_64, r-release-linux-x86_64

Version: 0.42.10
Check: package dependencies
Result: NOTE
    Package suggested but not available for checking: ‘OpenMPController’
Flavors: r-devel-linux-x86_64-debian-gcc, r-devel-linux-x86_64-fedora-clang, r-devel-linux-x86_64-fedora-gcc, r-patched-solaris-x86, r-release-linux-x86_64

Version: 0.42.10
Check: installed package size
Result: NOTE
     installed size is 43.3Mb
     sub-directories of 1Mb or more:
     data 1.4Mb
     doc 4.4Mb
     extdata 1.1Mb
     include 3.0Mb
     libs 32.7Mb
Flavors: r-devel-linux-x86_64-fedora-clang, r-devel-windows-x86_64, r-patched-solaris-x86, r-release-macos-arm64, r-release-macos-x86_64, r-release-windows-ix86+x86_64, r-oldrel-macos-x86_64, r-oldrel-windows-ix86+x86_64

Version: 0.42.10
Check: whether package can be installed
Result: WARN
    Found the following significant warnings:
     ../inst/include/CImg.h:51715:100: warning: 'uint16' is deprecated [-Wdeprecated-declarations]
     ../inst/include/CImg.h:51715:100: warning: 'uint32' is deprecated [-Wdeprecated-declarations]
     ../inst/include/CImg.h:51739:102: warning: 'uint16' is deprecated [-Wdeprecated-declarations]
     ../inst/include/CImg.h:51739:102: warning: 'uint32' is deprecated [-Wdeprecated-declarations]
     ../inst/include/CImg.h:51762:107: warning: 'uint16' is deprecated [-Wdeprecated-declarations]
     ../inst/include/CImg.h:51762:107: warning: 'uint32' is deprecated [-Wdeprecated-declarations]
     ../inst/include/CImg.h:51787:109: warning: 'uint16' is deprecated [-Wdeprecated-declarations]
     ../inst/include/CImg.h:51787:109: warning: 'uint32' is deprecated [-Wdeprecated-declarations]
     ../inst/include/CImg.h:51765:16: warning: 'uint32' is deprecated [-Wdeprecated-declarations]
     ../inst/include/CImg.h:51765:21: warning: 'uint32' is deprecated [-Wdeprecated-declarations]
     ../inst/include/CImg.h:51765:37: warning: 'uint32' is deprecated [-Wdeprecated-declarations]
     ../inst/include/CImg.h:51768:18: warning: 'uint32' is deprecated [-Wdeprecated-declarations]
     ../inst/include/CImg.h:51790:16: warning: 'uint32' is deprecated [-Wdeprecated-declarations]
     ../inst/include/CImg.h:51790:21: warning: 'uint32' is deprecated [-Wdeprecated-declarations]
     ../inst/include/CImg.h:51790:37: warning: 'uint32' is deprecated [-Wdeprecated-declarations]
     ../inst/include/CImg.h:51794:20: warning: 'uint32' is deprecated [-Wdeprecated-declarations]
     ../inst/include/CImg.h:51815:14: warning: 'uint16' is deprecated [-Wdeprecated-declarations]
     ../inst/include/CImg.h:51815:35: warning: 'uint16' is deprecated [-Wdeprecated-declarations]
     ../inst/include/CImg.h:51815:54: warning: 'uint16' is deprecated [-Wdeprecated-declarations]
     ../inst/include/CImg.h:51816:14: warning: 'uint16' is deprecated [-Wdeprecated-declarations]
     ../inst/include/CImg.h:51817:14: warning: 'uint32' is deprecated [-Wdeprecated-declarations]
     ../inst/include/CImg.h:51817:22: warning: 'uint32' is deprecated [-Wdeprecated-declarations]
     ../inst/include/CImg.h:51856:23: warning: 'uint32' is deprecated [-Wdeprecated-declarations]
     ../inst/include/CImg.h:51856:39: warning: 'uint32' is deprecated [-Wdeprecated-declarations]
     ../inst/include/CImg.h:51856:66: warning: 'uint32' is deprecated [-Wdeprecated-declarations]
     ../inst/include/CImg.h:51862:64: warning: 'uint32' is deprecated [-Wdeprecated-declarations]
     ../inst/include/CImg.h:51888:16: warning: 'uint16' is deprecated [-Wdeprecated-declarations]
     ../inst/include/CImg.h:51891:18: warning: 'uint32' is deprecated [-Wdeprecated-declarations]
     ../inst/include/CImg.h:51891:26: warning: 'uint32' is deprecated [-Wdeprecated-declarations]
     ../inst/include/CImg.h:55892:14: warning: 'uint32' is deprecated [-Wdeprecated-declarations]
     ../inst/include/CImg.h:55892:30: warning: 'uint32' is deprecated [-Wdeprecated-declarations]
     ../inst/include/CImg.h:55893:14: warning: 'uint16' is deprecated [-Wdeprecated-declarations]
     ../inst/include/CImg.h:55893:31: warning: 'uint16' is deprecated [-Wdeprecated-declarations]
     ../inst/include/CImg.h:55893:50: warning: 'uint16' is deprecated [-Wdeprecated-declarations]
     ../inst/include/CImg.h:55930:18: warning: 'uint32' is deprecated [-Wdeprecated-declarations]
Flavor: r-devel-windows-x86_64-gcc10-UCRT

Version: 0.42.10
Check: running examples for arch ‘i386’
Result: ERROR
    Running examples in 'imager-Ex.R' failed
    The error most likely occurred in:
    
    > ### Name: patchstat
    > ### Title: Return image patch summary
    > ### Aliases: patchstat
    >
    > ### ** Examples
    >
    > im <- grayscale(boats)
    > #Mean of an image patch centered at (10,10) of size 3x3
    > patchstat(im,'mean',10,10,3,3)
    [1] 0.4508168
    > #Mean of image patches centered at (10,10) and (20,4) of size 2x2
    > patchstat(im,'mean',c(10,20),c(10,4),5,5)
    [1] 0.4512290 0.4730398
    > #Sample 10 random positions
    > ptch <- pixel.grid(im) %>% dplyr::sample_n(10)
Flavor: r-oldrel-windows-ix86+x86_64