CRAN Package Check Results for Package immer

Last updated on 2021-09-21 06:48:28 CEST.

Flavor Version Tinstall Tcheck Ttotal Status Flags
r-devel-linux-x86_64-debian-clang 1.1-35 119.16 79.12 198.28 OK
r-devel-linux-x86_64-debian-gcc 1.1-35 71.43 60.08 131.51 OK
r-devel-linux-x86_64-fedora-clang 1.1-35 263.89 NOTE
r-devel-linux-x86_64-fedora-gcc 1.1-35 231.93 OK
r-devel-windows-x86_64 1.1-35 101.00 90.00 191.00 OK
r-devel-windows-x86_64-gcc10-UCRT 1.1-35 ERROR
r-patched-linux-x86_64 1.1-35 81.39 76.90 158.29 OK
r-patched-solaris-x86 1.1-35 247.40 OK
r-release-linux-x86_64 1.1-35 86.61 76.89 163.50 OK
r-release-macos-arm64 1.1-35 NOTE
r-release-macos-x86_64 1.1-35 NOTE
r-release-windows-ix86+x86_64 1.1-35 236.00 111.00 347.00 OK
r-oldrel-macos-x86_64 1.1-35 NOTE
r-oldrel-windows-ix86+x86_64 1.1-35 240.00 111.00 351.00 OK

Check Details

Version: 1.1-35
Check: installed package size
Result: NOTE
     installed size is 5.6Mb
     sub-directories of 1Mb or more:
     libs 4.7Mb
Flavors: r-devel-linux-x86_64-fedora-clang, r-release-macos-arm64, r-release-macos-x86_64, r-oldrel-macos-x86_64

Version: 1.1-35
Check: Rd cross-references
Result: NOTE
    Undeclared package ‘mirt’ in Rd xrefs
Flavor: r-devel-linux-x86_64-fedora-clang

Version: 1.1-35
Check: whether package can be installed
Result: ERROR
    Installation failed.
Flavor: r-devel-windows-x86_64-gcc10-UCRT