CRAN Package Check Results for Package indiedown

Last updated on 2022-10-07 01:51:26 CEST.

Flavor Version Tinstall Tcheck Ttotal Status Flags
r-devel-linux-x86_64-debian-clang 0.1.1 2.60 37.04 39.64 NOTE
r-devel-linux-x86_64-debian-gcc 0.1.1 1.95 27.55 29.50 NOTE
r-devel-linux-x86_64-fedora-clang 0.1.1 59.52 NOTE
r-devel-linux-x86_64-fedora-gcc 0.1.1 54.76 NOTE
r-devel-windows-x86_64 0.1.1 27.00 74.00 101.00 NOTE
r-patched-linux-x86_64 0.1.1 2.34 31.17 33.51 NOTE
r-release-linux-x86_64 0.1.1 2.08 34.79 36.87 NOTE
r-release-macos-arm64 0.1.1 22.00 NOTE
r-release-macos-x86_64 0.1.1 36.00 NOTE
r-release-windows-x86_64 0.1.1 59.00 74.00 133.00 NOTE
r-oldrel-macos-arm64 0.1.1 26.00 NOTE
r-oldrel-macos-x86_64 0.1.1 39.00 NOTE
r-oldrel-windows-ix86+x86_64 0.1.1 8.00 67.00 75.00 NOTE

Check Details

Version: 0.1.1
Check: LazyData
Result: NOTE
     'LazyData' is specified without a 'data' directory
Flavors: r-devel-linux-x86_64-debian-clang, r-devel-linux-x86_64-debian-gcc, r-devel-linux-x86_64-fedora-clang, r-devel-linux-x86_64-fedora-gcc, r-devel-windows-x86_64, r-patched-linux-x86_64, r-release-linux-x86_64, r-release-macos-arm64, r-release-macos-x86_64, r-release-windows-x86_64, r-oldrel-macos-arm64, r-oldrel-macos-x86_64, r-oldrel-windows-ix86+x86_64