CRAN Package Check Results for Package influence.SEM

Last updated on 2021-09-19 06:49:04 CEST.

Flavor Version Tinstall Tcheck Ttotal Status Flags
r-devel-linux-x86_64-debian-clang 2.2 4.00 36.37 40.37 OK
r-devel-linux-x86_64-debian-gcc 2.2 3.20 29.68 32.88 OK
r-devel-linux-x86_64-fedora-clang 2.2 59.49 OK
r-devel-linux-x86_64-fedora-gcc 2.2 48.99 OK
r-devel-windows-x86_64 2.2 6.00 57.00 63.00 OK
r-devel-windows-x86_64-gcc10-UCRT 2.2 ERROR
r-patched-linux-x86_64 2.2 5.89 36.12 42.01 OK
r-patched-solaris-x86 2.2 76.10 OK
r-release-linux-x86_64 2.2 3.73 36.10 39.83 OK
r-release-macos-arm64 2.2 OK
r-release-macos-x86_64 2.2 OK
r-release-windows-ix86+x86_64 2.2 9.00 44.00 53.00 OK
r-oldrel-macos-x86_64 2.2 OK
r-oldrel-windows-ix86+x86_64 2.2 9.00 47.00 56.00 OK

Check Details

Version: 2.2
Check: whether package can be installed
Result: WARN
    Found the following significant warnings:
     WARNING: installation-time patches will not be applied, could not get the patches index
Flavor: r-devel-windows-x86_64-gcc10-UCRT

Version: 2.2
Check: PDF version of manual
Result: WARN
    LaTeX errors when creating PDF version.
    This typically indicates Rd problems.
Flavor: r-devel-windows-x86_64-gcc10-UCRT

Version: 2.2
Check: PDF version of manual without hyperrefs or index
Result: ERROR
    Re-running with no redirection of stdout/stderr.
Flavor: r-devel-windows-x86_64-gcc10-UCRT