Last updated on 2023-05-28 01:53:59 CEST.
Flavor | Version | Tinstall | Tcheck | Ttotal | Status | Flags |
---|---|---|---|---|---|---|
r-devel-linux-x86_64-debian-clang | 0.6 | 2.93 | 26.65 | 29.58 | NOTE | |
r-devel-linux-x86_64-debian-gcc | 0.6 | 2.26 | 20.69 | 22.95 | NOTE | |
r-devel-linux-x86_64-fedora-clang | 0.6 | 37.55 | NOTE | |||
r-devel-linux-x86_64-fedora-gcc | 0.6 | 34.80 | NOTE | |||
r-devel-windows-x86_64 | 0.6 | 4.00 | 43.00 | 47.00 | OK | |
r-patched-linux-x86_64 | 0.6 | 1.94 | 25.98 | 27.92 | NOTE | |
r-release-linux-x86_64 | 0.6 | 1.93 | 26.03 | 27.96 | NOTE | |
r-release-macos-arm64 | 0.6 | 17.00 | OK | |||
r-release-macos-x86_64 | 0.6 | 21.00 | OK | |||
r-release-windows-x86_64 | 0.6 | 5.00 | 43.00 | 48.00 | OK | |
r-oldrel-macos-arm64 | 0.6 | 20.00 | OK | |||
r-oldrel-macos-x86_64 | 0.6 | 30.00 | OK | |||
r-oldrel-windows-x86_64 | 0.6 | 5.00 | 47.00 | 52.00 | OK |
Version: 0.6
Check: for non-standard things in the check directory
Result: NOTE
Found the following files/directories:
‘c.txt’ ‘rho.txt’ ‘sta.txt’ ‘topo.txt’
Flavors: r-devel-linux-x86_64-debian-clang, r-devel-linux-x86_64-debian-gcc, r-devel-linux-x86_64-fedora-clang, r-devel-linux-x86_64-fedora-gcc, r-patched-linux-x86_64, r-release-linux-x86_64