CRAN Package Check Results for Package inplace

Last updated on 2021-11-27 09:52:30 CET.

Flavor Version Tinstall Tcheck Ttotal Status Flags
r-devel-linux-x86_64-debian-clang 0.1.2 NOTE
r-devel-linux-x86_64-debian-gcc 0.1.2 70.82 23.66 94.48 NOTE
r-devel-linux-x86_64-fedora-clang 0.1.2 224.82 NOTE
r-devel-linux-x86_64-fedora-gcc 0.1.2 177.98 NOTE
r-devel-windows-x86_64-new-UL 0.1.2 140.00 92.00 232.00 NOTE
r-devel-windows-x86_64-new-TK 0.1.2 NOTE
r-devel-windows-x86_64-old 0.1.2 107.00 64.00 171.00 NOTE
r-patched-linux-x86_64 0.1.2 88.59 28.77 117.36 NOTE
r-patched-solaris-x86 0.1.2 166.20 NOTE
r-release-linux-x86_64 0.1.2 NOTE
r-release-macos-arm64 0.1.2 NOTE
r-release-macos-x86_64 0.1.2 NOTE
r-release-windows-ix86+x86_64 0.1.2 258.00 63.00 321.00 NOTE
r-oldrel-macos-x86_64 0.1.2 OK
r-oldrel-windows-ix86+x86_64 0.1.2 205.00 79.00 284.00 OK

Check Details

Version: 0.1.2
Check: LazyData
Result: NOTE
     'LazyData' is specified without a 'data' directory
Flavors: r-devel-linux-x86_64-debian-clang, r-devel-linux-x86_64-debian-gcc, r-devel-linux-x86_64-fedora-clang, r-devel-linux-x86_64-fedora-gcc, r-devel-windows-x86_64-new-UL, r-devel-windows-x86_64-new-TK, r-devel-windows-x86_64-old, r-patched-linux-x86_64, r-patched-solaris-x86, r-release-linux-x86_64, r-release-macos-arm64, r-release-macos-x86_64, r-release-windows-ix86+x86_64