CRAN Package Check Results for Package intcensROC

Last updated on 2021-09-17 06:48:46 CEST.

Flavor Version Tinstall Tcheck Ttotal Status Flags
r-devel-linux-x86_64-debian-clang 0.1.3 59.57 42.16 101.73 OK
r-devel-linux-x86_64-debian-gcc 0.1.3 44.51 35.01 79.52 OK
r-devel-linux-x86_64-fedora-clang 0.1.3 154.47 NOTE
r-devel-linux-x86_64-fedora-gcc 0.1.3 134.89 OK
r-devel-windows-x86_64 0.1.3 53.00 86.00 139.00 OK
r-devel-windows-x86_64-gcc10-UCRT 0.1.3 OK
r-patched-linux-x86_64 0.1.3 51.85 42.67 94.52 OK
r-patched-solaris-x86 0.1.3 128.00 OK
r-release-linux-x86_64 0.1.3 50.75 43.23 93.98 OK
r-release-macos-arm64 0.1.3 NOTE
r-release-macos-x86_64 0.1.3 NOTE
r-release-windows-ix86+x86_64 0.1.3 140.00 83.00 223.00 OK
r-oldrel-macos-x86_64 0.1.3 NOTE
r-oldrel-windows-ix86+x86_64 0.1.3 99.00 87.00 186.00 OK

Check Details

Version: 0.1.3
Check: installed package size
Result: NOTE
     installed size is 10.0Mb
     sub-directories of 1Mb or more:
     libs 9.7Mb
Flavors: r-devel-linux-x86_64-fedora-clang, r-release-macos-arm64, r-release-macos-x86_64, r-oldrel-macos-x86_64