CRAN Package Check Results for Package intergraph

Last updated on 2021-10-22 12:59:17 CEST.

Flavor Version Tinstall Tcheck Ttotal Status Flags
r-devel-linux-x86_64-debian-clang 2.0-2 4.10 39.90 44.00 OK
r-devel-linux-x86_64-debian-gcc 2.0-2 3.14 31.32 34.46 OK
r-devel-linux-x86_64-fedora-clang 2.0-2 62.67 OK
r-devel-linux-x86_64-fedora-gcc 2.0-2 51.69 OK
r-devel-windows-x86_64 2.0-2 6.00 62.00 68.00 OK
r-devel-windows-x86_64-gcc10-UCRT 2.0-2 ERROR
r-patched-linux-x86_64 2.0-2 4.28 35.69 39.97 OK
r-patched-solaris-x86 2.0-2 85.10 OK
r-release-linux-x86_64 2.0-2 3.88 35.45 39.33 OK
r-release-macos-arm64 2.0-2 OK
r-release-macos-x86_64 2.0-2 OK
r-release-windows-ix86+x86_64 2.0-2 7.00 62.00 69.00 OK
r-oldrel-macos-x86_64 2.0-2 OK
r-oldrel-windows-ix86+x86_64 2.0-2 9.00 70.00 79.00 OK

Check Details

Version: 2.0-2
Check: package dependencies
Result: ERROR
    Package required but not available: 'igraph'
    
    See section 'The DESCRIPTION file' in the 'Writing R Extensions'
    manual.
Flavor: r-devel-windows-x86_64-gcc10-UCRT