CRAN Package Check Results for Package interplot

Last updated on 2021-09-28 06:48:26 CEST.

Flavor Version Tinstall Tcheck Ttotal Status Flags
r-devel-linux-x86_64-debian-clang 0.2.3 17.53 146.33 163.86 NOTE
r-devel-linux-x86_64-debian-gcc 0.2.3 13.61 107.96 121.57 NOTE
r-devel-linux-x86_64-fedora-clang 0.2.3 210.37 NOTE
r-devel-linux-x86_64-fedora-gcc 0.2.3 189.01 NOTE
r-devel-windows-x86_64 0.2.3 20.00 120.00 140.00 NOTE
r-devel-windows-x86_64-gcc10-UCRT 0.2.3 NOTE
r-patched-linux-x86_64 0.2.3 14.58 136.76 151.34 NOTE
r-patched-solaris-x86 0.2.3 295.70 NOTE
r-release-linux-x86_64 0.2.3 15.86 136.45 152.31 NOTE
r-release-macos-arm64 0.2.3 NOTE
r-release-macos-x86_64 0.2.3 NOTE
r-release-windows-ix86+x86_64 0.2.3 37.00 123.00 160.00 NOTE
r-oldrel-macos-x86_64 0.2.3 OK
r-oldrel-windows-ix86+x86_64 0.2.3 25.00 139.00 164.00 OK

Check Details

Version: 0.2.3
Check: LazyData
Result: NOTE
     'LazyData' is specified without a 'data' directory
Flavors: r-devel-linux-x86_64-debian-clang, r-devel-linux-x86_64-debian-gcc, r-devel-linux-x86_64-fedora-clang, r-devel-linux-x86_64-fedora-gcc, r-devel-windows-x86_64, r-devel-windows-x86_64-gcc10-UCRT, r-patched-linux-x86_64, r-patched-solaris-x86, r-release-linux-x86_64, r-release-macos-arm64, r-release-macos-x86_64, r-release-windows-ix86+x86_64