CRAN Package Check Results for Package intsurv

Last updated on 2021-09-19 06:49:04 CEST.

Flavor Version Tinstall Tcheck Ttotal Status Flags
r-devel-linux-x86_64-debian-clang 0.2.2 234.46 56.23 290.69 NOTE
r-devel-linux-x86_64-debian-gcc 0.2.2 161.01 42.43 203.44 NOTE
r-devel-linux-x86_64-fedora-clang 0.2.2 414.43 NOTE
r-devel-linux-x86_64-fedora-gcc 0.2.2 372.42 NOTE
r-devel-windows-x86_64 0.2.2 189.00 90.00 279.00 NOTE
r-devel-windows-x86_64-gcc10-UCRT 0.2.2 ERROR
r-patched-linux-x86_64 0.2.2 187.76 54.39 242.15 NOTE
r-patched-solaris-x86 0.2.2 302.20 NOTE
r-release-linux-x86_64 0.2.2 186.04 54.36 240.40 NOTE
r-release-macos-arm64 0.2.2 NOTE
r-release-macos-x86_64 0.2.2 NOTE
r-release-windows-ix86+x86_64 0.2.2 486.00 93.00 579.00 NOTE
r-oldrel-macos-x86_64 0.2.2 NOTE
r-oldrel-windows-ix86+x86_64 0.2.2 476.00 100.00 576.00 OK

Check Details

Version: 0.2.2
Check: LazyData
Result: NOTE
     'LazyData' is specified without a 'data' directory
Flavors: r-devel-linux-x86_64-debian-clang, r-devel-linux-x86_64-debian-gcc, r-devel-linux-x86_64-fedora-clang, r-devel-linux-x86_64-fedora-gcc, r-devel-windows-x86_64, r-patched-linux-x86_64, r-patched-solaris-x86, r-release-linux-x86_64, r-release-macos-arm64, r-release-macos-x86_64, r-release-windows-ix86+x86_64

Version: 0.2.2
Check: installed package size
Result: NOTE
     installed size is 13.1Mb
     sub-directories of 1Mb or more:
     libs 12.3Mb
Flavors: r-devel-linux-x86_64-fedora-clang, r-release-macos-arm64, r-release-macos-x86_64, r-oldrel-macos-x86_64

Version: 0.2.2
Check: whether package can be installed
Result: ERROR
    Installation failed.
Flavor: r-devel-windows-x86_64-gcc10-UCRT