CRAN Package Check Results for Package ip2location

Last updated on 2021-11-27 08:50:40 CET.

Flavor Version Tinstall Tcheck Ttotal Status Flags
r-devel-linux-x86_64-debian-clang 8.0.1 OK
r-devel-linux-x86_64-debian-gcc 8.0.1 5.13 46.34 51.47 OK
r-devel-linux-x86_64-fedora-clang 8.0.1 89.88 NOTE
r-devel-linux-x86_64-fedora-gcc 8.0.1 79.61 NOTE
r-devel-windows-x86_64-new-UL 8.0.1 13.00 94.00 107.00 OK
r-devel-windows-x86_64-new-TK 8.0.1 NOTE
r-devel-windows-x86_64-old 8.0.1 9.00 85.00 94.00 OK
r-patched-linux-x86_64 8.0.1 6.96 57.44 64.40 OK
r-patched-solaris-x86 8.0.1 117.60 NOTE
r-release-linux-x86_64 8.0.1 OK
r-release-macos-arm64 8.0.1 NOTE
r-release-macos-x86_64 8.0.1 NOTE
r-release-windows-ix86+x86_64 8.0.1 16.00 58.00 74.00 OK
r-oldrel-macos-x86_64 8.0.1 NOTE
r-oldrel-windows-ix86+x86_64 8.0.1 14.00 79.00 93.00 OK

Check Details

Version: 8.0.1
Check: dependencies in R code
Result: NOTE
    Namespace in Imports field not imported from: ‘stringr’
     All declared Imports should be used.
Flavors: r-devel-linux-x86_64-fedora-clang, r-devel-linux-x86_64-fedora-gcc, r-devel-windows-x86_64-new-TK, r-patched-solaris-x86, r-release-macos-arm64, r-release-macos-x86_64, r-oldrel-macos-x86_64