CRAN Package Check Results for Package ips

Last updated on 2021-09-25 06:49:22 CEST.

Flavor Version Tinstall Tcheck Ttotal Status Flags
r-devel-linux-x86_64-debian-clang 0.0.11 12.97 105.45 118.42 OK
r-devel-linux-x86_64-debian-gcc 0.0.11 10.12 80.33 90.45 OK
r-devel-linux-x86_64-fedora-clang 0.0.11 147.74 NOTE
r-devel-linux-x86_64-fedora-gcc 0.0.11 141.53 NOTE
r-devel-windows-x86_64 0.0.11 15.00 92.00 107.00 OK
r-devel-windows-x86_64-gcc10-UCRT 0.0.11 NOTE
r-patched-linux-x86_64 0.0.11 18.15 102.37 120.52 OK
r-patched-solaris-x86 0.0.11 196.00 NOTE
r-release-linux-x86_64 0.0.11 11.76 101.85 113.61 OK
r-release-macos-arm64 0.0.11 NOTE
r-release-macos-x86_64 0.0.11 NOTE
r-release-windows-ix86+x86_64 0.0.11 27.00 98.00 125.00 OK
r-oldrel-macos-x86_64 0.0.11 NOTE
r-oldrel-windows-ix86+x86_64 0.0.11 22.00 100.00 122.00 OK

Check Details

Version: 0.0.11
Check: dependencies in R code
Result: NOTE
    Namespace in Imports field not imported from: ‘seqinr’
     All declared Imports should be used.
Flavors: r-devel-linux-x86_64-fedora-clang, r-devel-linux-x86_64-fedora-gcc, r-devel-windows-x86_64-gcc10-UCRT, r-patched-solaris-x86, r-release-macos-arm64, r-release-macos-x86_64, r-oldrel-macos-x86_64